Das Wetter in Buchenau an der Lahn

NOAA Reports (nur in Englisch verfügbar)




NOAA style reports

NOAA-style Climate Reports

Select a Year or Month report
V/Λ2024 > Jan Feb Mar Apr May Jun Jul Aug Sep Oct Nov Dec
V/Λ2023 > Jan Feb Mar Apr May Jun Jul Aug Sep Oct Nov Dec
V/Λ2022 > Jan Feb Mar Apr May Jun Jul Aug Sep Oct Nov Dec
V/Λ2021 > Jan Feb Mar Apr May Jun Jul Aug Sep Oct Nov Dec
V/Λ2020 > Jan Feb Mar Apr May Jun Jul Aug Sep Oct Nov Dec
V/Λ2019 > Jan Feb Mar Apr May Jun Jul Aug Sep Oct Nov Dec

Report for 2023 Nov
                   Monthly Climatological Summary for Nov 2023

Name: Buchenau   City: Dautphetal   State: Germany
Elevation: 244 m  Lat: N 50° 52' 27"   Lon: E 008° 35' 47"

                  Temperature (°C), Rain (mm), Wind Speed (km/h)

                                      Heat  Cool        Avg
    Mean                              Deg   Deg         Wind                 Dom
Day Temp  High   Time   Low    Time   Days  Days  Rain  Speed High   Time    Dir
----------------------------------------------------------------------------------
01  11,5  13,2   14:00   9,7   00:00   6,6   0,0   1,8   0,7  26,0   12:21     S
02  10,5  12,2   15:00   9,1   07:20   7,7   0,0   1,8   6,0  37,0   10:41     S
03   8,0  12,0   13:30   3,1   23:30  10,2   0,0   0,0   2,7  26,0   04:25     S
04   7,0   8,9   23:30   2,4   00:30  11,3   0,0  11,7   4,1  38,0   17:23     S
05   9,8  12,6   15:16   8,9   00:00   8,5   0,0  10,5   4,4  33,0   14:59   SSW
06  10,1  13,0   12:00   7,7   22:30   8,2   0,0   2,4   2,4  27,0   13:30   SSW
07   8,4  11,5   14:30   6,9   19:30   9,6   0,0   6,3   0,7  17,0   05:14   SSW
08   8,7  11,5   13:46   7,3   00:00   9,5   0,0   3,0   1,8  34,0   16:43   SSW
09   7,7   9,3   16:20   6,3   23:59  10,7   0,0   3,6   0,5  15,0   21:50     S
10   6,8   8,5   14:10   5,4   04:25  11,3   0,0   2,1   0,6  21,0   15:10     S
11   6,0   8,1   14:35   3,6   19:11  12,0   0,0   3,0   0,5  21,0   20:03     W
12   4,0   5,6   13:29   1,7   19:54  13,9   0,0   0,0   0,3  16,0   11:29     S
13   7,5  13,0   18:12   2,9   00:00  10,8   0,0  15,6   1,6  60,0   21:19   WSW
14  10,7  12,0   12:11   8,7   23:23   7,6   0,0   8,7   2,5  42,0   21:54   WSW
15   8,9  12,0   14:06   7,5   18:16   9,4   0,0  15,6   0,9  26,0   06:19    SW
16   7,0   8,5   09:46   5,7   19:02  11,3   0,0   0,0   0,2  22,0   01:48    SW
17   3,0   7,1   15:23  -1,6   23:57  15,3   0,0   0,0   0,0  13,0   00:23    SW
18   1,6   6,0   23:05  -2,7   04:25  16,5   0,0   9,6   0,5  23,0   18:55     S
19  10,1  13,8   13:18   6,0   00:00   8,2   0,0   4,8   3,4  50,0   11:46   WSW
20   9,0  11,8   12:50   5,7   22:43   9,3   0,0   5,1   1,8  32,0   01:41     W
21   6,4   9,0   15:15   3,3   23:45  12,0   0,0   1,8   0,1  10,0   19:15    NO
22   1,7   3,7   00:45  -0,9   07:16  16,5   0,0   0,0   0,4  15,0   13:49   NNO
23   6,1  10,1   20:53   0,0   01:05  11,8   0,0   2,7   1,8  43,0   18:56   WSW
24   4,4  10,3   00:32   1,3   22:15  13,8   0,0  16,8   1,2  33,0   00:43   WNW
25   1,8   4,5   13:32  -1,1   23:25  16,5   0,0   3,6   0,3  26,0   10:33   WSW
26   2,4   5,2   14:39  -1,3   00:24  15,9   0,0   0,9   0,3  21,0   11:27   WSW
27   1,8   3,9   00:00   0,3   20:16  16,5   0,0   3,9   0,2  16,0   06:07     S
28  -0,5   1,5   12:00  -3,4   22:36  18,8   0,0   1,2   0,2  19,0   12:37     W
29  -0,5   2,0   13:52  -2,7   00:00  18,8   0,0   0,6   0,2  16,0   13:28     W
30   4,1  16,1   19:15  -0,1   20:29  13,3   0,0   0,0   0,0  33,1   00:43   WNW
----------------------------------------------------------------------------------
     6,1  16,1    30    -3,4    28   361,8   0,0 137,1   1,2  60,0    13     SSW

Max >=  27,0  0
Max <=   0,0  0
Min <=   0,0  9
Min <= -18,0  0
Max Rain: 16,8 on day 24
Days of Rain: 24 (>= 0,2 mm)  18 (>= 2,0 mm)  0 (>= 20,0 mm)
Heat Base: 18,3  Cool Base: 18,3  Method: Integration


Seiten Update 29.02.2024 00:00:11
Erstellt von Cumulus v3.28.1 (3278)
Layout: Frank Grebe 2019-10-15