Das Wetter in Buchenau an der Lahn

NOAA Reports (nur in Englisch verfügbar)




NOAA style reports

NOAA-style Climate Reports

Select a Year or Month report
V/Λ2024 > Jan Feb Mar Apr May Jun Jul Aug Sep Oct Nov Dec
V/Λ2023 > Jan Feb Mar Apr May Jun Jul Aug Sep Oct Nov Dec
V/Λ2022 > Jan Feb Mar Apr May Jun Jul Aug Sep Oct Nov Dec
V/Λ2021 > Jan Feb Mar Apr May Jun Jul Aug Sep Oct Nov Dec
V/Λ2020 > Jan Feb Mar Apr May Jun Jul Aug Sep Oct Nov Dec
V/Λ2019 > Jan Feb Mar Apr May Jun Jul Aug Sep Oct Nov Dec

Report for 2023 Oct
                   Monthly Climatological Summary for Okt 2023

Name: Buchenau   City: Dautphetal   State: Germany
Elevation: 244 m  Lat: N 50° 52' 27"   Lon: E 008° 35' 47"

                  Temperature (°C), Rain (mm), Wind Speed (km/h)

                                      Heat  Cool        Avg
    Mean                              Deg   Deg         Wind                 Dom
Day Temp  High   Time   Low    Time   Days  Days  Rain  Speed High   Time    Dir
----------------------------------------------------------------------------------
01  13,3  22,6   17:06   5,4   07:10   5,9   0,9   0,0   0,7  18,0   15:21     S
02  15,3  25,9   16:12   8,6   06:19   4,5   1,5   0,0   0,2  16,0   14:32     S
03  13,1  20,2   13:55   9,3   07:16   5,3   0,2   8,4   0,5  22,0   12:30   WSW
04  12,2  16,6   13:54   8,1   03:01   6,1   0,0   0,0   1,0  28,0   11:54     W
05  11,8  17,2   16:04   7,1   02:45   6,5   0,0   0,0   0,6  26,0   12:34   WSW
06  12,2  20,6   16:05   6,5   06:51   6,3   0,2   0,0   0,6  24,0   13:38   SSW
07  15,4  21,2   15:11   8,6   02:37   3,4   0,5   0,0   1,0  27,0   21:28     W
08  14,4  18,7   00:00   8,8   23:55   3,9   0,0   0,0   0,4  21,0   02:30   NNO
09  14,1  20,6   16:21   8,7   00:02   4,6   0,4   0,0   0,5  21,0   16:31   WSW
10  15,0  23,3   16:38   9,5   07:47   4,3   1,0   0,0   0,7  21,0   14:05     S
11  15,8  25,2   14:37   7,0   07:47   4,1   1,6   0,0   0,4  22,0   13:16   WSW
12  16,0  19,0   00:06  14,1   07:50   2,3   0,0   1,5   0,4  32,0   05:35   SSW
13  17,5  21,4   13:55  14,7   03:12   1,4   0,6   0,6   0,5  32,0   23:59   SSW
14  13,6  21,0   00:19   6,0   23:56   5,0   0,3   5,4   2,8  44,0   03:49    SW
15   5,8  10,7   15:39   1,2   23:39  12,3   0,0   0,6   0,9  28,0   13:34   WSW
16   4,3  11,5   15:02  -1,1   07:34  14,0   0,0   0,0   0,2  13,0   15:07   SSO
17   5,2  12,5   15:57   1,0   23:57  13,1   0,0   0,0   0,5  21,0   15:59   ONO
18   5,3  12,2   15:50  -1,0   08:07  13,0   0,0   0,0   0,3  16,0   14:47    NO
19  11,5  14,6   16:14   8,4   02:08   6,7   0,0   1,5   0,0  10,0   22:47   SSO
20  13,1  14,1   17:53  10,7   22:20   5,2   0,0   9,9   0,2  21,0   19:31    NO
21  12,9  16,8   15:43   9,0   23:10   5,4   0,0   3,6   1,9  38,0   15:45     S
22  10,6  13,5   16:51   6,6   03:59   7,7   0,0   0,3   0,5  21,0   13:09   SSW
23  10,4  14,0   15:41   7,6   01:58   7,9   0,0   3,0   0,0  10,0   10:32   OSO
24  10,3  12,8   13:51   5,0   23:02   8,0   0,0   1,2   0,1  11,0   12:29   SSO
25   8,8  11,3   22:46   4,9   00:07   9,5   0,0  13,5   0,2  21,0   23:07   SSO
26  10,1  11,5   16:12   9,2   06:49   8,2   0,0   0,6   0,4  21,0   00:55    SW
27   9,6  12,1   16:19   7,4   23:58   8,7   0,0  12,6   0,0  13,0   17:54     W
28   9,8  13,5   15:04   6,6   00:34   8,4   0,0   6,9   1,0  24,0   12:29     S
29  11,5  12,7   12:15  10,1   21:58   6,8   0,0  10,8   0,8  26,0   11:15     S
30  11,7  14,2   12:07   9,6   01:08   6,5   0,0   6,6   0,8  23,4   08:27     S
31  10,8  14,2   14:56   9,2   18:33   7,5   0,0   2,1   1,5  36,7   04:10     W
----------------------------------------------------------------------------------
    11,7  25,9     2    -1,1    16   212,5   7,2  89,1   0,6  44,0    14      SW

Max >=  27,0  0
Max <=   0,0  0
Min <=   0,0  2
Min <= -18,0  0
Max Rain: 13,5 on day 25
Days of Rain: 18 (>= 0,2 mm)  11 (>= 2,0 mm)  0 (>= 20,0 mm)
Heat Base: 18,3  Cool Base: 18,3  Method: Integration


Seiten Update 28.05.2024 00:00:15
Erstellt von Cumulus v3.28.1 (3278)
Layout: Frank Grebe 2019-10-15