Das Wetter in Buchenau an der Lahn

NOAA Reports (nur in Englisch verfügbar)




NOAA style reports

NOAA-style Climate Reports

Select a Year or Month report
V/Λ2024 > Jan Feb Mar Apr May Jun Jul Aug Sep Oct Nov Dec
V/Λ2023 > Jan Feb Mar Apr May Jun Jul Aug Sep Oct Nov Dec
V/Λ2022 > Jan Feb Mar Apr May Jun Jul Aug Sep Oct Nov Dec
V/Λ2021 > Jan Feb Mar Apr May Jun Jul Aug Sep Oct Nov Dec
V/Λ2020 > Jan Feb Mar Apr May Jun Jul Aug Sep Oct Nov Dec
V/Λ2019 > Jan Feb Mar Apr May Jun Jul Aug Sep Oct Nov Dec

Report for 2023 Sep
                   Monthly Climatological Summary for Sep 2023

Name: Buchenau   City: Dautphetal   State: Germany
Elevation: 244 m  Lat: N 50° 52' 27"   Lon: E 008° 35' 47"

                  Temperature (°C), Rain (mm), Wind Speed (km/h)

                                      Heat  Cool        Avg
    Mean                              Deg   Deg         Wind                 Dom
Day Temp  High   Time   Low    Time   Days  Days  Rain  Speed High   Time    Dir
----------------------------------------------------------------------------------
01  13,6  17,4   17:36   9,3   01:39   4,7   0,0  43,5   0,0   5,0   13:11    SO
02  17,0  24,5   16:00  12,0   02:27   2,6   1,3   0,0   0,2  13,0   17:17   SSO
03  17,4  23,1   15:58  13,6   06:30   2,1   1,2   0,0   0,0   3,0   13:19     N
04  16,9  26,8   17:02   9,7   07:09   3,4   1,9   0,0   0,0   0,0   00:00     N
05  18,6  28,6   17:27  10,3   06:19   2,7   3,0   0,0   0,0   0,0   00:00     N
06  19,1  29,9   17:51  10,8   06:38   2,4   3,3   0,0   0,0   4,0   14:27     N
07  19,3  29,7   15:59  10,1   07:07   2,6   3,5   0,0   0,2  18,0   17:02   ONO
08  19,2  30,3   16:39  10,6   07:00   2,5   3,3   0,0   0,0   3,0   15:30     N
09  19,5  29,8   15:19  10,2   06:40   2,4   3,7   0,0   0,2  13,0   16:12     S
10  20,8  30,5   15:08  12,9   06:38   1,4   3,9   0,0   0,0   0,0   00:00     N
11  21,1  30,7   15:03  13,2   06:55   1,3   4,1   0,0   0,0   1,0   14:03     N
12  21,0  28,7   14:42  15,2   04:41   0,9   3,6  21,9   0,2  53,0   22:15    SW
13  17,7  23,0   16:39  13,3   21:46   1,4   0,8   2,4   1,0  22,0   12:16     W
14  13,3  19,8   16:50   8,8   23:59   5,1   0,1   0,0   0,2  13,0   14:32   SSW
15  13,8  23,8   15:34   6,2   07:21   5,6   1,1   0,0   0,3  18,0   15:38   SSO
16  17,3  26,6   16:05   9,2   07:19   3,1   2,2   0,0   0,4  15,0   13:58   SSO
17  20,4  27,2   15:35  16,3   03:47   0,6   2,7   3,0   0,7  18,0   14:03     S
18  18,4  22,5   17:13  14,8   23:29   1,1   1,2   2,7   1,0  43,0   22:21   SSW
19  15,8  19,7   16:44  13,1   22:46   2,6   0,1   0,0   2,1  32,0   12:40   SSW
20  16,7  23,9   16:59  11,4   06:51   2,7   1,1   0,0   1,5  31,0   15:47     S
21  15,5  21,3   16:09   8,8   06:42   3,6   0,8   4,8   0,3  43,0   20:39   SSO
22  14,3  19,3   15:09  10,4   22:46   4,1   0,1   2,7   1,2  43,0   19:48   SSW
23  13,0  18,1   15:35  10,4   07:36   5,3   0,0   0,0   1,0  27,0   13:23    SW
24  11,5  19,4   15:31   5,6   06:52   6,9   0,1   0,0   0,7  18,0   15:19   SSO
25  11,6  21,1   15:55   5,0   07:42   7,0   0,4   0,0   0,7  22,0   14:23   SSO
26  13,0  23,4   16:54   4,7   07:53   6,3   1,0   0,0   0,5  23,0   14:18   SSO
27  14,9  24,6   15:54   8,5   06:28   4,6   1,2   0,0   0,4  17,0   14:42   SSO
28  16,5  25,0   15:40  10,8   00:39   3,3   1,6   0,0   0,5  17,0   15:35   SSO
29  17,6  24,8   13:34  12,4   02:55   2,3   1,6   0,3   0,9  36,0   15:45    SW
30  12,9  20,2   15:19   7,3   07:55   5,5   0,2   0,0   0,3  12,2   11:43     S
----------------------------------------------------------------------------------
    16,6  30,7    11     4,7    26   100,1  49,1  81,3   0,5  53,0    12     SSW

Max >=  27,0  9
Max <=   0,0  0
Min <=   0,0  0
Min <= -18,0  0
Max Rain: 43,5 on day 1
Days of Rain: 8 (>= 0,2 mm)  7 (>= 2,0 mm)  2 (>= 20,0 mm)
Heat Base: 18,3  Cool Base: 18,3  Method: Integration


Seiten Update 23.04.2024 00:00:15
Erstellt von Cumulus v3.28.1 (3278)
Layout: Frank Grebe 2019-10-15