Das Wetter in Buchenau an der Lahn

NOAA Reports (nur in Englisch verfügbar)




NOAA style reports

NOAA-style Climate Reports

Select a Year or Month report

Report for 2023 Aug
                   Monthly Climatological Summary for Aug 2023

Name: Buchenau   City: Dautphetal   State: Germany
Elevation: 244 m  Lat: N 50° 52' 27"   Lon: E 008° 35' 47"

                  Temperature (°C), Rain (mm), Wind Speed (km/h)

                                      Heat  Cool        Avg
    Mean                              Deg   Deg         Wind                 Dom
Day Temp  High   Time   Low    Time   Days  Days  Rain  Speed High   Time    Dir
----------------------------------------------------------------------------------
01  16,7  21,2   16:12  14,5   23:50   1,7   0,2  28,2   1,6  45,0   16:34   WSW
02  16,3  22,3   16:48  13,2   03:30   2,5   0,5  14,7   1,8  39,0   11:03     S
03  16,8  19,6   13:47  14,7   00:20   1,6   0,1  14,7   3,3  53,0   08:44   SSW
04  16,4  21,2   16:28  13,1   04:43   2,4   0,5   0,0   0,2  17,0   10:22    NW
05  16,1  23,8   14:49  10,8   04:41   3,2   1,0   4,5   0,9  33,0   18:53   SSW
06  14,7  18,1   14:25  13,2   23:29   3,5   0,0  10,2   0,3  23,0   23:15   WNW
07  14,0  18,4   17:38  10,4   23:54   4,3   0,0   1,5   2,0  33,0   14:51    SW
08  14,1  17,9   12:22   9,7   05:08   4,2   0,0   0,0   1,6  40,0   11:11   WSW
09  16,3  21,2   16:55  11,4   23:50   2,6   0,5   2,7   0,9  23,0   04:00   WNW
10  17,1  25,1   17:45  10,0   02:55   2,9   1,7   0,0   0,5  19,0   14:45   SSW
11  19,8  29,8   16:16  10,0   06:32   2,5   3,9   0,0   0,8  23,0   15:31     S
12  20,0  26,1   17:39  16,6   02:55   0,5   2,2   9,3   1,1  31,0   15:23   SSW
13  19,4  24,4   18:25  15,4   04:05   1,0   2,1   0,0   0,5  21,0   14:25   SSO
14  20,0  27,3   17:10  13,6   06:18   1,1   2,8   1,5   0,0   4,0   19:40     N
15  20,2  27,6   12:56  15,6   04:56   0,6   2,4   9,0   0,4  28,0   14:35     S
16  21,2  27,7   16:06  17,6   23:59   0,1   2,9  22,8   1,1  22,0   22:16     O
17  20,4  26,9   16:53  16,5   06:29   0,4   2,5   2,7   0,4  21,0   19:23   NNO
18  22,2  30,1   16:55  17,0   01:46   0,2   4,1   0,0   0,4  17,0   15:25   SSO
19  22,6  29,4   17:00  16,2   05:41   0,3   4,5   0,0   0,1  15,0   17:52   SSO
20  22,4  30,5   18:15  15,9   06:23   0,4   4,4   0,0   0,2  18,0   10:17    SO
21  23,8  31,4   16:12  16,9   06:50   0,1   5,6   0,0   0,6  24,0   15:13    SW
22  21,7  28,0   14:47  16,1   07:02   0,3   3,7   0,0   0,4  23,0   12:07   NNW
23  20,3  28,6   16:53  12,8   07:12   1,4   3,5   0,0   0,7  23,0   16:31   SSW
24  20,2  27,9   15:06  13,8   06:03   1,3   3,2   0,0   0,0   1,0   11:07     N
25  18,4  25,2   14:03  14,2   06:11   1,0   1,1  18,6   0,1  26,0   15:12    NW
26  18,1  23,2   16:19  13,3   23:59   1,3   1,1   5,4   0,8  28,0   12:52    SW
27  14,6  21,0   16:11  10,6   23:59   3,9   0,3   0,6   0,4  24,0   16:32   WSW
28  13,4  20,4   17:31   8,3   06:46   5,0   0,1   0,0   0,2  15,0   17:33     S
29  13,8  18,4   12:06  10,8   02:51   4,5   0,0   0,3   0,0   0,0   00:00     N
30  13,9  20,8   14:45  10,0   06:47   4,6   0,3   6,0   1,3  36,0   14:03   SSW
31  13,6  19,5   14:40   9,4   04:16   4,8   0,0   0,3   1,0  36,7   14:50    SW
----------------------------------------------------------------------------------
    18,0  31,4    21     8,3    28    64,2  55,2 153,0   0,8  53,0     3     SSW

Max >=  27,0 11
Max <=   0,0  0
Min <=   0,0  0
Min <= -18,0  0
Max Rain: 28,2 on day 1
Days of Rain: 18 (>= 0,2 mm)  13 (>= 2,0 mm)  2 (>= 20,0 mm)
Heat Base: 18,3  Cool Base: 18,3  Method: Integration


Seiten Update 15.07.2024 00:00:17
Erstellt von Cumulus v3.28.1 (3278)
Layout: Frank Grebe 2019-10-15