Das Wetter in Buchenau an der Lahn

NOAA Reports (nur in Englisch verfügbar)




NOAA style reports

NOAA-style Climate Reports

Select a Year or Month report
V/Λ2024 > Jan Feb Mar Apr May Jun Jul Aug Sep Oct Nov Dec
V/Λ2023 > Jan Feb Mar Apr May Jun Jul Aug Sep Oct Nov Dec
V/Λ2022 > Jan Feb Mar Apr May Jun Jul Aug Sep Oct Nov Dec
V/Λ2021 > Jan Feb Mar Apr May Jun Jul Aug Sep Oct Nov Dec
V/Λ2020 > Jan Feb Mar Apr May Jun Jul Aug Sep Oct Nov Dec
V/Λ2019 > Jan Feb Mar Apr May Jun Jul Aug Sep Oct Nov Dec

Report for 2023 Jun
                   Monthly Climatological Summary for Jun 2023

Name: Buchenau   City: Dautphetal   State: Germany
Elevation: 244 m  Lat: N 50° 52' 27"   Lon: E 008° 35' 47"

                  Temperature (°C), Rain (mm), Wind Speed (km/h)

                                      Heat  Cool        Avg
    Mean                              Deg   Deg         Wind                 Dom
Day Temp  High   Time   Low    Time   Days  Days  Rain  Speed High   Time    Dir
----------------------------------------------------------------------------------
01  17,1  25,7   13:27   8,4   06:14   3,2   2,1   0,0   1,4  27,0   16:53   ONO
02  13,8  19,7   15:53   9,3   01:46   4,5   0,1   0,0   2,0  26,0   16:30    NO
03  15,7  22,0   17:19   8,0   06:19   3,5   0,9   0,0   1,8  32,0   11:41    NO
04  15,9  23,6   17:32   5,4   05:36   4,0   1,6   0,0   1,5  26,0   12:51    NO
05  17,0  25,6   16:24   5,8   05:54   3,8   2,5   0,0   1,3  23,0   18:18    NO
06  15,9  25,0   15:08   8,0   05:46   3,8   1,3   3,3   0,9  27,0   14:38   ONO
07  17,5  23,0   16:55  12,9   02:40   1,7   1,0   1,5   0,3  17,0   15:55     O
08  19,2  26,6   15:00  10,9   05:30   1,9   2,8   0,0   1,1  27,0   18:10   ONO
09  20,0  28,5   15:20  11,0   05:43   1,6   3,4   0,0   1,4  32,0   12:58   SSO
10  21,4  29,1   16:34  11,3   05:33   1,6   4,8   0,0   2,1  38,0   15:00    NO
11  21,6  28,8   15:31  12,9   06:04   1,0   4,3   0,0   1,6  33,0   15:34   OSO
12  20,3  27,7   17:07  10,5   05:40   1,9   3,8   0,0   1,5  23,0   11:17     O
13  19,0  26,3   16:19   9,4   05:52   2,2   2,9   0,0   1,5  27,0   16:56     O
14  17,3  23,8   17:33   9,9   05:31   2,3   1,2   0,0   2,7  36,0   12:49    NO
15  17,8  25,2   15:18   8,7   06:00   2,9   2,4   0,0   0,8  26,0   11:52    NO
16  19,0  26,3   17:29  10,3   05:54   2,2   2,9   0,0   1,0  23,0   15:49   NNW
17  19,7  28,5   17:23   9,4   05:21   2,4   3,8   0,0   0,7  22,0   11:05    NW
18  21,1  30,3   16:01   9,9   05:41   2,1   4,9   0,0   0,6  18,0   12:59   SSO
19  23,1  28,6   14:56  17,2   04:20   0,1   4,8   0,0   1,2  27,0   10:32   WSW
20  22,1  30,3   16:36  17,2   06:42   0,1   4,0  27,3   0,7  23,0   14:39   SSW
21  22,0  29,8   15:33  16,2   06:04   0,3   4,0   1,8   0,6  23,0   16:02    SW
22  21,7  31,6   16:08  17,9   22:34   0,0   3,4  33,0   0,9  42,0   17:12   ONO
23  19,3  25,3   17:44  15,0   23:56   0,9   1,9   1,2   2,7  36,0   06:15   WNW
24  20,2  27,8   17:22  11,6   05:30   1,8   3,7   0,0   0,3  16,0   11:32     S
25  22,5  31,0   16:58  13,4   06:00   1,0   5,2   0,0   0,7  18,0   11:43    SO
26  20,6  26,4   10:48  14,0   05:37   0,9   3,2   0,0   1,6  31,0   11:17   WSW
27  17,2  23,2   17:09  10,8   05:38   2,4   1,4   0,0   1,0  31,0   15:35     W
28  18,3  24,0   14:41  11,2   04:19   1,8   1,8   0,0   0,5  17,0   13:31   SSW
29  20,2  25,0   12:24  14,8   06:13   0,7   2,6   0,0   0,3  15,0   13:18    SW
30  17,1  22,0   16:39  12,1   23:53   1,9   0,6   6,6   0,2  21,0   16:46   NNW
----------------------------------------------------------------------------------
    19,1  31,6    22     5,4     4    58,5  83,3  74,7   1,2  42,0    22     ONO

Max >=  27,0 12
Max <=   0,0  0
Min <=   0,0  0
Min <= -18,0  0
Max Rain: 33,0 on day 22
Days of Rain: 7 (>= 0,2 mm)  4 (>= 2,0 mm)  2 (>= 20,0 mm)
Heat Base: 18,3  Cool Base: 18,3  Method: Integration


Seiten Update 28.05.2024 00:00:15
Erstellt von Cumulus v3.28.1 (3278)
Layout: Frank Grebe 2019-10-15