Das Wetter in Buchenau an der Lahn

NOAA Reports (nur in Englisch verfügbar)




NOAA style reports

NOAA-style Climate Reports

Select a Year or Month report
V/Λ2024 > Jan Feb Mar Apr May Jun Jul Aug Sep Oct Nov Dec
V/Λ2023 > Jan Feb Mar Apr May Jun Jul Aug Sep Oct Nov Dec
V/Λ2022 > Jan Feb Mar Apr May Jun Jul Aug Sep Oct Nov Dec
V/Λ2021 > Jan Feb Mar Apr May Jun Jul Aug Sep Oct Nov Dec
V/Λ2020 > Jan Feb Mar Apr May Jun Jul Aug Sep Oct Nov Dec
V/Λ2019 > Jan Feb Mar Apr May Jun Jul Aug Sep Oct Nov Dec

Report for 2023 May
                   Monthly Climatological Summary for Mai 2023

Name: Buchenau   City: Dautphetal   State: Germany
Elevation: 244 m  Lat: N 50° 52' 27"   Lon: E 008° 35' 47"

                  Temperature (°C), Rain (mm), Wind Speed (km/h)

                                      Heat  Cool        Avg
    Mean                              Deg   Deg         Wind                 Dom
Day Temp  High   Time   Low    Time   Days  Days  Rain  Speed High   Time    Dir
----------------------------------------------------------------------------------
01  11,1  19,5   15:34   4,0   05:12   7,2   0,0   0,3   0,2  17,0   17:43    NO
02  10,5  15,4   13:59   4,1   23:58   7,8   0,0   0,0   1,7  31,0   13:43   NNW
03   8,7  17,7   16:36  -0,6   05:53   9,6   0,0   0,0   1,1  26,0   10:34   ONO
04  12,2  22,2   17:25   1,6   05:33   6,9   0,8   0,0   1,1  23,0   17:06   SSO
05  15,0  23,4   14:42   7,3   05:51   4,4   1,1   0,6   0,8  26,0   15:26   SSW
06  14,2  21,9   16:48   7,2   06:36   4,5   0,4   3,3   0,6  19,0   17:53   SSO
07  15,3  21,4   16:30  11,6   04:54   3,4   0,5   0,3   0,7  22,0   14:29    NO
08  14,4  21,2   15:57  10,0   06:10   4,2   0,4   1,2   0,6  18,0   16:18   SSO
09  15,6  19,8   15:32  12,3   06:14   2,8   0,1   6,3   1,5  30,0   15:52   SSO
10  13,6  16,9   17:04  11,0   23:56   4,7   0,0   8,1   0,6  24,0   14:37    SW
11  12,2  16,3   12:13   8,9   06:13   6,1   0,0  15,3   0,1  15,0   13:09   SSO
12  13,6  19,4   15:45  10,5   04:37   4,7   0,0   2,1   0,7  26,0   16:11    NO
13  13,9  21,4   13:34   8,1   03:42   4,8   0,4   1,8   1,4  33,0   14:56    NO
14  12,6  20,1   16:14   5,0   05:26   5,8   0,1   0,0   1,0  26,0   17:12   ONO
15  12,4  18,8   15:08   5,9   05:40   5,9   0,0   1,8   0,3  19,0   15:22   WSW
16  11,2  14,8   16:53   7,2   23:56   7,1   0,0   1,2   1,7  31,0   14:45   NNW
17   9,8  15,6   15:47   4,5   03:21   8,5   0,0   0,0   2,0  24,0   17:33   NNO
18   9,7  17,3   15:47   0,9   05:42   8,6   0,0   0,0   1,5  26,0   14:12    NO
19  12,2  19,5   15:29   2,7   06:04   6,1   0,1   0,0   1,9  37,0   15:14    NO
20  14,0  17,2   18:16  11,3   00:54   4,3   0,0   0,0   2,0  26,0   11:47   NNO
21  18,0  25,7   16:55  10,5   05:55   2,4   2,2   0,0   0,5  16,0   13:25   NNO
22  19,4  27,8   14:15  11,7   05:41   1,7   2,8   0,0   0,6  17,0   13:40   ONO
23  14,2  16,7   00:00   7,2   23:58   4,1   0,0   0,0   1,0  34,0   14:05    NW
24   9,0  14,7   17:44   2,6   05:25   9,3   0,0   0,0   0,6  30,0   18:13   NNO
25  11,4  18,4   15:11   3,1   04:44   6,9   0,0   0,0   1,9  24,0   17:07    NO
26  13,2  19,7   16:57   5,6   05:10   5,3   0,1   0,0   2,5  26,0   15:31   NNO
27  15,0  22,6   16:38   5,6   06:22   4,3   1,0   0,0   1,5  28,0   14:51    NO
28  16,4  25,0   16:31   5,4   05:42   4,0   2,1   0,0   0,9  21,0   18:22    NO
29  17,3  22,6   14:51  12,3   04:40   2,1   1,1   0,0   2,1  24,5   16:46    NO
30  15,7  20,3   16:02   9,6   06:07   3,1   0,4   0,0   2,7  30,6   15:25   NNO
31  18,3  24,8   16:42   9,8   05:54   2,2   2,2   0,0   1,8  29,5   13:58    NO
----------------------------------------------------------------------------------
    13,5  27,8    22    -0,6     3   162,8  15,8  42,3   1,2  37,0    19      NO

Max >=  27,0  1
Max <=   0,0  0
Min <=   0,0  1
Min <= -18,0  0
Max Rain: 15,3 on day 11
Days of Rain: 12 (>= 0,2 mm)  5 (>= 2,0 mm)  0 (>= 20,0 mm)
Heat Base: 18,3  Cool Base: 18,3  Method: Integration


Seiten Update 29.02.2024 00:00:11
Erstellt von Cumulus v3.28.1 (3278)
Layout: Frank Grebe 2019-10-15