Das Wetter in Buchenau an der Lahn

NOAA Reports (nur in Englisch verfügbar)




NOAA style reports

NOAA-style Climate Reports

Select a Year or Month report
V/Λ2024 > Jan Feb Mar Apr May Jun Jul Aug Sep Oct Nov Dec
V/Λ2023 > Jan Feb Mar Apr May Jun Jul Aug Sep Oct Nov Dec
V/Λ2022 > Jan Feb Mar Apr May Jun Jul Aug Sep Oct Nov Dec
V/Λ2021 > Jan Feb Mar Apr May Jun Jul Aug Sep Oct Nov Dec
V/Λ2020 > Jan Feb Mar Apr May Jun Jul Aug Sep Oct Nov Dec
V/Λ2019 > Jan Feb Mar Apr May Jun Jul Aug Sep Oct Nov Dec

Report for 2023 Apr
                   Monthly Climatological Summary for Apr 2023

Name: Buchenau   City: Dautphetal   State: Germany
Elevation: 244 m  Lat: N 50° 52' 27"   Lon: E 008° 35' 47"

                  Temperature (°C), Rain (mm), Wind Speed (km/h)

                                      Heat  Cool        Avg
    Mean                              Deg   Deg         Wind                 Dom
Day Temp  High   Time   Low    Time   Days  Days  Rain  Speed High   Time    Dir
----------------------------------------------------------------------------------
01   9,1  11,2   16:32   2,9   18:47   9,2   0,0   8,4   1,3  74,0   18:47   SSW
02   5,1   8,5   00:00  -7,0   17:43  13,2   0,0   4,5   1,8  26,0   12:26   NNO
03   3,4   7,4   16:59  -0,5   23:56  14,9   0,0   0,0   2,2  31,0   12:49    NO
04   2,1   9,0   16:49  -4,4   07:07  16,2   0,0   0,0   0,9  24,0   11:06   ONO
05   2,9  10,5   16:21  -4,0   07:00  15,4   0,0   0,0   0,7  21,0   13:28   SSO
06   5,0  13,6   16:08  -4,2   06:51  13,3   0,0   0,6   1,6  27,0   13:28   SSW
07   6,3   8,6   17:36   5,0   23:59  12,0   0,0  15,3   0,2  13,0   02:54    SO
08   5,8  10,7   16:22   0,6   05:50  12,5   0,0   0,0   0,4  18,0   16:44    NO
09   7,6  14,0   18:05   2,5   23:50  10,7   0,0   0,0   0,3  21,0   16:06   SSO
10   8,7  17,1   16:38  -0,6   06:38   9,6   0,0   1,5   2,8  31,0   15:31   SSO
11   9,1  13,6   16:59   4,4   23:41   9,2   0,0   3,3   2,9  43,0   16:27   WSW
12   6,9  11,7   18:29   2,9   23:59  11,4   0,0  12,0   1,5  33,0   10:16     S
13   6,7  12,2   17:34   1,0   02:21  11,6   0,0   2,4   2,1  28,0   07:21   SSW
14   7,1  16,0   17:12  -0,2   07:46  11,2   0,0   0,0   0,7  19,0   15:29   SSO
15   5,9   9,9   10:44   0,9   05:19  12,4   0,0   4,5   0,3  21,0   12:10    NW
16   9,7  12,4   13:17   7,9   06:37   8,6   0,0   0,0   1,0  26,0   12:46   NNW
17  10,1  14,5   17:25   5,4   23:42   8,2   0,0   0,0   1,4  26,0   18:10   NNO
18   8,6  13,2   15:26   3,9   02:49   9,7   0,0   0,0   1,3  32,0   13:38    NO
19  10,0  14,1   16:31   5,3   23:59   8,3   0,0   0,0   2,8  45,0   15:37   NNO
20   6,1  10,2   15:43   3,3   07:35  12,2   0,0   8,1   1,9  32,0   02:35   NNO
21  11,1  18,3   17:14   6,6   03:19   7,2   0,0  10,5   0,4  16,0   14:07     S
22  13,7  21,1   15:21   7,7   06:22   4,9   0,3   0,3   1,4  27,0   14:43   SSO
23  13,1  17,9   16:47   9,0   07:22   5,2   0,0   4,2   1,7  39,0   19:42     S
24   9,2  11,2   17:23   4,0   23:45   9,1   0,0   0,9   3,0  43,0   15:07   WSW
25   6,6  11,4   15:51   2,1   03:46  11,7   0,0   0,0   1,2  27,0   16:45    NW
26   5,6  11,3   17:17  -1,5   05:53  12,7   0,0   0,0   0,5  18,0   09:50    SW
27   8,8  15,8   15:47   1,1   06:26   9,5   0,0   0,0   1,0  18,0   09:00     O
28  10,2  15,8   17:05   6,3   07:14   8,1   0,0   5,4   0,1  17,0   18:08   SSO
29  11,3  12,7   12:39   8,8   23:55   7,0   0,0   0,0   0,5  21,0   04:43    NW
30  10,4  18,6   17:08   2,3   06:18   7,9   0,0   0,0   0,8  24,0   13:10   ONO
----------------------------------------------------------------------------------
     7,9  21,1    22    -7,0     2   313,1   0,3  81,9   1,3  74,0     1     SSO

Max >=  27,0  0
Max <=   0,0  0
Min <=   0,0  8
Min <= -18,0  0
Max Rain: 15,3 on day 7
Days of Rain: 15 (>= 0,2 mm)  11 (>= 2,0 mm)  0 (>= 20,0 mm)
Heat Base: 18,3  Cool Base: 18,3  Method: Integration


Seiten Update 23.04.2024 00:00:15
Erstellt von Cumulus v3.28.1 (3278)
Layout: Frank Grebe 2019-10-15