Das Wetter in Buchenau an der Lahn

NOAA Reports (nur in Englisch verfügbar)




NOAA style reports

NOAA-style Climate Reports

Select a Year or Month report
V/Λ2024 > Jan Feb Mar Apr May Jun Jul Aug Sep Oct Nov Dec
V/Λ2023 > Jan Feb Mar Apr May Jun Jul Aug Sep Oct Nov Dec
V/Λ2022 > Jan Feb Mar Apr May Jun Jul Aug Sep Oct Nov Dec
V/Λ2021 > Jan Feb Mar Apr May Jun Jul Aug Sep Oct Nov Dec
V/Λ2020 > Jan Feb Mar Apr May Jun Jul Aug Sep Oct Nov Dec
V/Λ2019 > Jan Feb Mar Apr May Jun Jul Aug Sep Oct Nov Dec

Report for 2023 Jan
                   Monthly Climatological Summary for Jan 2023

Name: Buchenau   City: Dautphetal   State: Germany
Elevation: 244 m  Lat: N 50° 52' 27"   Lon: E 008° 35' 47"

                  Temperature (°C), Rain (mm), Wind Speed (km/h)

                                      Heat  Cool        Avg
    Mean                              Deg   Deg         Wind                 Dom
Day Temp  High   Time   Low    Time   Days  Days  Rain  Speed High   Time    Dir
----------------------------------------------------------------------------------
01  12,3  14,6   00:33   9,2   23:40   6,0   0,0   1,2   1,2  27,0   04:34   SSW
02   9,8  13,1   10:18   7,3   23:02   8,5   0,0   4,5   1,0  28,0   12:55   WSW
03   6,2  10,5   13:57   2,4   09:06  12,1   0,0   0,0   0,4  23,0   14:29     S
04   8,4  11,5   20:33   4,3   00:03   9,9   0,0   4,2   3,9  53,0   19:55    SW
05   9,6  11,3   00:00   8,0   17:35   8,7   0,0   1,2   3,0  50,0   04:08    SW
06   9,2  10,4   14:35   8,1   02:18   9,1   0,0   2,7   0,4  18,0   10:13    SW
07   8,5   9,4   14:05   6,4   21:01   9,8   0,0   0,3   0,9  21,0   13:15   SSO
08   7,9   8,9   13:21   6,8   20:27  10,4   0,0   6,3   1,3  31,0   17:12     S
09   5,9   7,8   00:00   4,5   07:52  12,4   0,0  11,7   1,3  24,0   14:43   SSW
10   4,9   6,2   13:53   3,9   01:20  13,4   0,0   1,5   1,4  24,0   21:13     S
11   7,0   9,1   13:05   4,7   00:00  11,3   0,0   8,7   1,3  31,0   16:14    SW
12   8,1   9,7   19:45   7,0   07:57  10,2   0,0  25,5   3,5  39,0   06:59   SSW
13   7,1   9,8   03:25   4,5   08:18  11,2   0,0  12,0   3,3  54,0   14:39   WSW
14   6,8   9,0   23:02   4,9   07:44  11,5   0,0  20,7   3,0  37,0   15:22   SSW
15   4,9   9,1   00:05   3,3   06:54  13,4   0,0   6,6   2,1  36,0   13:13    SW
16   3,3   4,4   00:00   2,0   12:33  15,0   0,0   9,3   4,1  40,0   13:17     S
17   0,9   4,7   14:49  -3,0   21:38  17,4   0,0   2,1   1,5  53,0   04:48   WSW
18  -2,6   2,4   13:58  -5,3   22:47  20,9   0,0   0,3   0,1  16,0   15:07    SW
19  -0,5   1,7   13:32  -4,6   00:00  18,8   0,0   0,3   0,1  12,0   13:36   SSW
20  -0,9   3,2   12:28  -4,7   07:50  19,2   0,0   0,3   0,3  16,0   13:22   SSO
21  -1,5   1,0   20:46  -6,1   06:35  19,9   0,0   0,0   1,4  32,0   21:02     N
22   0,8   1,3   12:23   0,0   00:00  17,5   0,0   1,2   0,7  18,0   03:13     N
23   1,4   2,2   15:51   0,4   04:13  16,9   0,0   0,0   0,6  21,0   22:18    NO
24   1,2   2,0   00:00   0,5   23:11  17,1   0,0   0,0   1,0  22,0   19:54    NO
25  -0,8   0,5   00:00  -2,5   23:34  19,1   0,0   0,0   0,2  12,0   21:14     W
26  -1,5   0,5   14:10  -3,6   06:04  19,8   0,0   0,0   0,1  11,0   01:02     N
27   2,0   3,1   14:04   0,4   00:00  16,3   0,0   0,9   1,1  21,0   19:44     N
28  -0,4   1,5   00:00  -3,5   23:54  18,7   0,0   0,0   0,6  17,0   14:59     N
29  -2,7   1,7   14:39  -7,0   06:22  21,0   0,0   0,0   0,3  17,0   16:10    SW
30   3,5   6,5   12:42  -1,0   00:12  14,8   0,0   1,5   1,8  36,0   12:18    SW
31   4,1   5,7   20:18   2,0   04:42  14,2   0,0   0,9   1,5  31,0   19:12   WSW
----------------------------------------------------------------------------------
     4,0  14,6     1    -7,0    29   444,5   0,0 123,9   1,4  54,0    13      SW

Max >=  27,0  0
Max <=   0,0  0
Min <=   0,0 11
Min <= -18,0  0
Max Rain: 25,5 on day 12
Days of Rain: 23 (>= 0,2 mm)  12 (>= 2,0 mm)  2 (>= 20,0 mm)
Heat Base: 18,3  Cool Base: 18,3  Method: Integration


Seiten Update 29.02.2024 00:00:11
Erstellt von Cumulus v3.28.1 (3278)
Layout: Frank Grebe 2019-10-15