Das Wetter in Buchenau an der Lahn

NOAA Reports (nur in Englisch verfügbar)




NOAA style reports

NOAA-style Climate Reports

Select a Year or Month report
V/Λ2024 > Jan Feb Mar Apr May Jun Jul Aug Sep Oct Nov Dec
V/Λ2023 > Jan Feb Mar Apr May Jun Jul Aug Sep Oct Nov Dec
V/Λ2022 > Jan Feb Mar Apr May Jun Jul Aug Sep Oct Nov Dec
V/Λ2021 > Jan Feb Mar Apr May Jun Jul Aug Sep Oct Nov Dec
V/Λ2020 > Jan Feb Mar Apr May Jun Jul Aug Sep Oct Nov Dec
V/Λ2019 > Jan Feb Mar Apr May Jun Jul Aug Sep Oct Nov Dec

Report for 2022 Nov
                   Monthly Climatological Summary for Nov 2022

Name: Buchenau   City: Dautphetal   State: Germany
Elevation: 244 m  Lat: N 50° 52' 27"   Lon: E 008° 35' 47"

                  Temperature (°C), Rain (mm), Wind Speed (km/h)

                                      Heat  Cool        Avg
    Mean                              Deg   Deg         Wind                 Dom
Day Temp  High   Time   Low    Time   Days  Days  Rain  Speed High   Time    Dir
----------------------------------------------------------------------------------
01  11,4  18,5   13:28   5,2   23:35   6,9   0,0   0,0   0,6  31,0   11:54    SW
02   8,5  15,7   13:35   3,3   22:55   9,8   0,0   0,0   1,2  36,0   11:04    SW
03   7,9  12,2   12:52   0,0   22:54  10,4   0,0   6,3   0,7  19,0   20:55   SSO
04   8,8  12,7   13:11   6,0   08:38   9,5   0,0   0,3   0,2  23,0   02:08     W
05   7,6  12,1   12:59   3,6   08:05  10,7   0,0   0,3   0,3  21,0   11:03   WSW
06   7,5  10,8   14:04   4,1   03:33  10,8   0,0   0,3   0,7  21,0   14:11   SSO
07  10,8  13,5   14:15   8,5   00:00   7,5   0,0   0,0   0,6  27,0   11:09   SSW
08   9,9  14,2   12:32   6,0   08:24   8,4   0,0   0,3   0,2  16,0   12:25   SSO
09  11,7  15,5   11:28   8,9   00:20   6,6   0,0   3,6   1,5  34,0   12:08   SSW
10   8,9  14,7   14:59   2,9   23:55   9,4   0,0   0,0   0,5  22,0   11:15     S
11   2,7   3,0   00:11   2,5   00:58   0,8   0,0   0,0   0,0   0,0   00:00     N
12   2,5   2,5   00:00   2,5   00:00   0,0   0,0   0,0  ----   0,0   00:00     N
13   2,5   2,5   00:00   2,5   00:00   0,0   0,0   0,0  ----   0,0   00:00     N
14   2,5   2,5   00:00   2,5   00:00   0,0   0,0   0,0  ----   0,0   00:00     N
15  10,7  14,0   13:50   2,5   00:00   3,2   0,0  45,6   0,3  15,0   14:03   SSO
16   9,7  12,0   11:24   8,0   23:54   8,4   0,0   8,7   0,4  19,0   04:34     S
17   8,1  10,3   12:51   5,5   21:55   9,3   0,0  29,4   0,4  33,0   13:03     S
18   6,5   9,8   13:47   1,6   23:55  11,8   0,0   3,3   0,2  18,0   21:25   NNO
19  -0,8   1,6   00:00  -4,9   23:55  19,1   0,0   0,0   0,3  18,0   06:39    NO
20   0,0   4,6   23:59  -4,9   00:00  17,9   0,0   6,3   0,0  16,0   23:58   SSW
21   4,6   7,8   12:48   3,1   17:47  13,7   0,0   6,9   0,3  23,0   00:18    SW
22   5,4   7,3   12:06   0,6   16:58  12,9   0,0   3,6   0,6  22,0   11:12     S
23   6,6  10,3   14:01   4,7   17:55  11,7   0,0   2,4   0,5  24,0   14:15     S
24   5,1  10,1   14:39   0,4   23:13  13,2   0,0   1,2   0,2  23,0   13:06     W
25   3,9   8,1   15:06  -0,3   02:24  14,1   0,0   1,8   0,0   6,0   18:23     N
26   3,9   7,5   14:09  -0,1   06:30  14,4   0,0   0,3   0,1  13,0   21:46   SSO
27   5,2   7,0   14:38   4,1   23:38  13,1   0,0   0,0   0,3  18,0   02:46   SSO
28   4,2   5,1   12:46   3,1   02:53  14,1   0,0   1,2   0,0   9,0   09:51     S
29   6,2  10,2   12:55   4,7   00:00  12,1   0,0   0,6   0,0  13,0   13:31   SSO
30   6,5   7,6   13:50   5,9   07:43  11,8   0,0   0,9   0,1  12,0   12:40   NNO
----------------------------------------------------------------------------------
     6,3  18,5     1    -4,9    19   291,6   0,0 123,3   0,4  36,0     2     SSW

Max >=  27,0  0
Max <=   0,0  0
Min <=   0,0  5
Min <= -18,0  0
Max Rain: 45,6 on day 15
Days of Rain: 20 (>= 0,2 mm)  10 (>= 2,0 mm)  2 (>= 20,0 mm)
Heat Base: 18,3  Cool Base: 18,3  Method: Integration


Seiten Update 23.04.2024 00:00:15
Erstellt von Cumulus v3.28.1 (3278)
Layout: Frank Grebe 2019-10-15