Das Wetter in Buchenau an der Lahn

NOAA Reports (nur in Englisch verfügbar)




NOAA style reports

NOAA-style Climate Reports

Select a Year or Month report
V/Λ2024 > Jan Feb Mar Apr May Jun Jul Aug Sep Oct Nov Dec
V/Λ2023 > Jan Feb Mar Apr May Jun Jul Aug Sep Oct Nov Dec
V/Λ2022 > Jan Feb Mar Apr May Jun Jul Aug Sep Oct Nov Dec
V/Λ2021 > Jan Feb Mar Apr May Jun Jul Aug Sep Oct Nov Dec
V/Λ2020 > Jan Feb Mar Apr May Jun Jul Aug Sep Oct Nov Dec
V/Λ2019 > Jan Feb Mar Apr May Jun Jul Aug Sep Oct Nov Dec

Report for 2022 Aug
                   Monthly Climatological Summary for Aug 2022

Name: Buchenau   City: Dautphetal   State: Germany
Elevation: 244 m  Lat: N 50° 52' 27"   Lon: E 008° 35' 47"

                  Temperature (°C), Rain (mm), Wind Speed (km/h)

                                      Heat  Cool        Avg
    Mean                              Deg   Deg         Wind                 Dom
Day Temp  High   Time   Low    Time   Days  Days  Rain  Speed High   Time    Dir
----------------------------------------------------------------------------------
01  21,8  27,3   16:02  17,7   06:16   0,1   3,6   1,8   0,9  24,0   14:19     W
02  21,4  29,5   17:23  12,1   06:37   1,4   4,5   0,0   0,7  30,0   13:55   SSW
03  24,3  34,1   17:35  13,8   06:35   0,8   6,8   0,0   0,8  23,0   16:35    SW
04  26,5  36,6   15:28  16,0   05:37   0,3   8,5   0,0   0,9  30,0   15:17    SW
05  20,9  25,3   00:00  13,7   23:59   0,2   2,8  10,5   1,1  28,0   13:36   WNW
06  16,0  22,5   16:35   8,6   06:51   3,3   1,0   0,0   1,1  22,0   10:13    NO
07  17,4  25,6   17:52   7,0   06:14   3,4   2,5   0,0   0,9  21,0   12:57    NO
08  20,0  28,3   16:50   9,4   06:57   2,4   4,1   0,0   1,6  24,0   15:21   NNO
09  22,5  29,3   16:31  13,4   06:54   0,6   4,8   0,0   1,3  23,0   14:46   NNO
10  21,7  29,7   15:23  11,7   07:03   1,2   4,6   0,0   1,2  24,0   13:23   NNO
11  21,6  30,8   16:47  10,9   06:18   1,8   5,0   0,0   1,3  28,0   18:35     O
12  21,4  29,6   15:58  11,1   06:19   1,7   4,8   0,0   2,0  33,0   15:11   ONO
13  22,3  30,7   17:38  11,3   06:40   1,5   5,5   0,0   1,4  24,0   14:16    NO
14  23,4  31,4   16:32  13,8   06:34   0,7   5,8   0,0   0,9  21,0   12:28   SSO
15  20,9  26,5   17:50  16,2   23:51   0,3   2,9   0,3   0,1  16,0   18:42    SW
16  20,8  30,3   15:37  12,1   06:32   1,6   4,1   0,3   0,7  27,0   13:23   SSO
17  21,3  29,2   16:45  13,9   04:02   1,1   4,2   0,0   1,1  26,0   17:24     S
18  19,9  24,7   16:26  15,4   05:50   0,6   2,3   0,0   0,3  13,0   18:37    NO
19  21,8  28,2   14:51  15,2   06:33   0,6   4,1   0,0   0,8  23,0   10:30    NW
20  20,8  26,8   16:45  15,6   03:19   0,6   3,0   0,6   0,7  28,0   11:39   WSW
21  19,9  28,4   16:23  11,6   06:50   1,7   3,3   0,0   0,7  26,0   11:41    SW
22  20,2  29,3   15:57  10,5   06:28   2,0   3,9   0,0   0,7  83,0   20:10     S
23  22,3  30,7   15:48  12,9   07:21   0,7   4,7   0,0   0,8  19,0   13:14   SSO
24  22,7  32,6   16:41  12,4   06:37   1,3   5,7   0,0   0,6  24,0   16:26   SSO
25  22,4  30,5   15:35  13,4   06:49   0,9   5,0   0,0   1,0  24,0   12:34   SSO
26  19,9  31,0   12:14  14,5   06:43   0,8   2,4   2,1   0,3  31,0   13:05   NNW
27  19,2  22,5   12:00  15,8   04:00   0,5   1,4   0,0   0,4  16,0   17:53   NNO
28  18,5  24,7   16:04  12,9   23:59   1,5   1,7   0,0   0,9  27,0   11:12    NO
29  16,4  25,3   17:08   7,7   06:34   3,6   1,7   0,0   0,5  18,0   13:46   ONO
30  18,8  27,8   15:41  10,6   06:44   2,5   3,0   0,0   0,5  23,0   15:46   NNO
31  18,8  23,9   15:55  12,5   23:54   0,8   1,3   0,0   0,8  30,0   12:16   ONO
----------------------------------------------------------------------------------
    20,8  36,6     4     7,0     7    40,5 119,0  15,6   0,9  83,0    22     ONO

Max >=  27,0 21
Max <=   0,0  0
Min <=   0,0  0
Min <= -18,0  0
Max Rain: 10,5 on day 5
Days of Rain: 6 (>= 0,2 mm)  2 (>= 2,0 mm)  0 (>= 20,0 mm)
Heat Base: 18,3  Cool Base: 18,3  Method: Integration


Seiten Update 29.02.2024 00:00:11
Erstellt von Cumulus v3.28.1 (3278)
Layout: Frank Grebe 2019-10-15