Das Wetter in Buchenau an der Lahn

NOAA Reports (nur in Englisch verfügbar)




NOAA style reports

NOAA-style Climate Reports

Select a Year or Month report
V/Λ2024 > Jan Feb Mar Apr May Jun Jul Aug Sep Oct Nov Dec
V/Λ2023 > Jan Feb Mar Apr May Jun Jul Aug Sep Oct Nov Dec
V/Λ2022 > Jan Feb Mar Apr May Jun Jul Aug Sep Oct Nov Dec
V/Λ2021 > Jan Feb Mar Apr May Jun Jul Aug Sep Oct Nov Dec
V/Λ2020 > Jan Feb Mar Apr May Jun Jul Aug Sep Oct Nov Dec
V/Λ2019 > Jan Feb Mar Apr May Jun Jul Aug Sep Oct Nov Dec

Report for 2022 Jul
                   Monthly Climatological Summary for Jul 2022

Name: Buchenau   City: Dautphetal   State: Germany
Elevation: 244 m  Lat: N 50° 52' 27"   Lon: E 008° 35' 47"

                  Temperature (°C), Rain (mm), Wind Speed (km/h)

                                      Heat  Cool        Avg
    Mean                              Deg   Deg         Wind                 Dom
Day Temp  High   Time   Low    Time   Days  Days  Rain  Speed High   Time    Dir
----------------------------------------------------------------------------------
01  16,6  21,5   17:04  13,1   23:36   2,2   0,6   1,2   1,3  31,0   00:01    SW
02  18,8  26,7   16:53   8,9   06:04   2,5   2,9   0,0   1,3  30,0   12:52   SSO
03  21,2  29,0   15:53  11,1   05:34   1,7   4,6   0,0   1,1  30,0   13:56   WSW
04  19,2  26,3   17:06  10,8   06:00   1,7   2,6   0,0   1,1  23,0   11:35   WSW
05  18,8  25,6   14:27  10,1   04:40   2,2   2,7   0,0   1,1  23,0   14:46     W
06  16,2  21,1   18:52   9,9   05:50   2,6   0,5   0,0   0,7  21,0   17:32    NW
07  16,3  20,5   14:57  12,7   23:59   2,1   0,1   1,8   1,2  31,0   13:14    NW
08  16,7  23,2   17:49   9,0   03:29   3,0   1,3   0,0   1,1  24,0   13:36    NW
09  17,6  24,5   15:17  10,9   04:50   2,3   1,6   0,0   0,6  18,0   10:27   WNW
10  15,5  19,6   13:07  11,8   03:47   2,9   0,1   0,0   1,2  24,0   19:04    NW
11  17,8  21,7   15:54  14,2   06:11   1,4   0,8   0,0   0,8  24,0   14:31   NNW
12  21,2  30,3   16:50  11,4   06:08   1,3   4,2   0,0   0,5  22,0   15:55     S
13  23,2  31,2   17:17  15,9   03:35   0,5   5,4   0,0   1,0  28,0   14:58     W
14  20,2  25,6   15:36  13,6   23:36   0,4   2,2   0,3   1,2  32,0   15:11    NW
15  16,0  22,7   16:22   8,6   05:47   3,2   1,0   0,0   0,8  23,0   13:52   NNW
16  16,5  24,8   16:22   7,9   05:14   3,6   1,8   0,0   1,5  27,0   10:20    NW
17  18,4  28,3   16:38   6,8   05:49   3,3   3,4   0,0   0,8  21,0   17:09    SO
18  22,5  33,3   16:33   9,5   05:47   2,0   6,2   0,0   0,9  21,0   17:23   SSO
19  25,4  36,4   16:40  11,9   06:13   1,1   8,2   0,0   1,4  24,0   14:56   SSO
20  26,0  37,7   17:12  13,4   06:17   0,6   8,3   4,5   1,2  30,0   17:46   SSW
21  19,6  23,1   12:45  17,5   06:35   0,1   1,3  13,5   0,7  23,0   12:22    SW
22  20,9  27,1   17:32  16,7   05:40   0,4   3,0   0,0   0,6  19,0   21:11   NNW
23  20,9  27,7   15:45  15,4   06:22   0,7   3,3   6,9   0,6  24,0   15:52   NNW
24  21,9  31,8   17:30  12,2   06:33   1,6   5,2   0,0   0,6  22,0   13:49   SSW
25  22,8  32,7   13:37  14,1   05:38   0,8   5,3   0,9   1,4  36,0   13:56    SW
26  18,8  24,5   15:43  13,6   05:44   1,2   1,7   3,3   1,2  30,0   15:40     W
27  16,9  22,2   15:20  12,1   23:57   2,1   0,8   0,0   0,8  26,0   14:13     N
28  17,8  25,8   15:32   7,8   06:31   3,1   2,6   0,0   0,7  28,0   13:27   ONO
29  20,2  27,9   15:43  15,5   23:58   0,6   2,5   0,9   0,7  22,0   17:29     S
30  19,3  26,8   16:44  12,9   03:26   1,8   2,8   0,3   0,8  30,0   18:15     W
31  21,4  27,8   17:03  13,7   06:23   0,9   4,0   0,0   1,0  27,0   15:15   WSW
----------------------------------------------------------------------------------
    19,5  37,7    20     6,8    17    53,9  91,0  33,6   1,0  36,0    25       W

Max >=  27,0 13
Max <=   0,0  0
Min <=   0,0  0
Min <= -18,0  0
Max Rain: 13,5 on day 21
Days of Rain: 10 (>= 0,2 mm)  4 (>= 2,0 mm)  0 (>= 20,0 mm)
Heat Base: 18,3  Cool Base: 18,3  Method: Integration


Seiten Update 29.02.2024 00:00:11
Erstellt von Cumulus v3.28.1 (3278)
Layout: Frank Grebe 2019-10-15