Das Wetter in Buchenau an der Lahn

NOAA Reports (nur in Englisch verfügbar)




NOAA style reports

NOAA-style Climate Reports

Select a Year or Month report
V/Λ2024 > Jan Feb Mar Apr May Jun Jul Aug Sep Oct Nov Dec
V/Λ2023 > Jan Feb Mar Apr May Jun Jul Aug Sep Oct Nov Dec
V/Λ2022 > Jan Feb Mar Apr May Jun Jul Aug Sep Oct Nov Dec
V/Λ2021 > Jan Feb Mar Apr May Jun Jul Aug Sep Oct Nov Dec
V/Λ2020 > Jan Feb Mar Apr May Jun Jul Aug Sep Oct Nov Dec
V/Λ2019 > Jan Feb Mar Apr May Jun Jul Aug Sep Oct Nov Dec

Report for 2022 Apr
                   Monthly Climatological Summary for Apr 2022

Name: Buchenau   City: Dautphetal   State: Germany
Elevation: 244 m  Lat: N 50° 52' 27"   Lon: E 008° 35' 47"

                  Temperature (°C), Rain (mm), Wind Speed (km/h)

                                      Heat  Cool        Avg
    Mean                              Deg   Deg         Wind                 Dom
Day Temp  High   Time   Low    Time   Days  Days  Rain  Speed High   Time    Dir
----------------------------------------------------------------------------------
01   0,3   1,7   00:00  -0,7   15:16  18,0   0,0   4,8   2,4  23,0   07:33     N
02   0,7   3,1   13:36  -1,1   05:24  17,6   0,0   6,3   1,6  28,0   12:45   NNW
03   0,7   6,5   16:17  -5,9   07:04  17,6   0,0   0,0   0,6  19,0   13:15   WSW
04   2,2   6,3   13:49  -2,8   05:27  16,1   0,0   0,9   2,8  44,0   13:53    SW
05   8,5  12,4   14:20   4,1   00:00   9,8   0,0  14,1   1,6  39,0   14:11    SW
06   9,7  11,8   14:50   8,4   09:21   8,6   0,0   1,2   2,9  39,0   19:36    SW
07   9,2  13,2   16:57   4,3   21:59   9,1   0,0  23,4   6,6  60,0   14:04    SW
08   5,3   7,1   00:00   3,2   23:33  13,0   0,0   4,5   2,3  51,0   00:41    SW
09   4,2   8,5   12:54   0,4   22:38  14,1   0,0   4,2   2,3  53,0   14:04   WSW
10   4,6  10,5   16:57   0,1   23:57  13,7   0,0   0,6   1,2  28,0   10:56     W
11   6,0  15,1   17:09  -2,0   06:26  12,3   0,0   0,0   1,2  22,0   12:11   SSO
12  10,4  20,9   15:49   0,2   06:29   8,3   0,5   0,0   1,1  22,0   18:43    SO
13  14,7  24,7   16:42   6,2   06:58   5,0   1,4   0,0   0,4  18,0   19:17   SSO
14  13,4  19,2   15:55   9,3   23:58   4,9   0,0   1,5   0,2  15,0   14:29   SSO
15   9,6  14,7   13:15   3,5   06:42   8,7   0,0   0,0   1,6  31,0   14:29    NO
16  10,1  14,4   17:25   6,3   23:55   8,2   0,0   0,0   2,5  32,0   12:03   NNO
17   7,9  16,4   17:25  -1,2   06:55  10,3   0,0   0,0   1,2  21,0   16:25     S
18   9,0  18,3   15:53  -0,9   06:49   9,3   0,0   0,0   0,8  19,0   14:33   SSO
19   9,7  18,5   16:46   0,2   06:35   8,6   0,0   0,0   1,4  24,0   17:35   NNO
20   9,2  16,9   15:51   0,2   06:25   9,1   0,0   0,0   1,4  27,0   15:59    NO
21   8,9  14,2   14:16   2,2   05:21   9,4   0,0   0,0   1,5  22,0   16:51    NO
22  11,8  17,1   15:41   8,2   05:52   6,5   0,0   0,0   3,5  36,0   13:09   NNO
23  12,3  15,2   18:22  10,1   06:53   5,9   0,0   0,0   2,5  33,0   11:57   NNO
24  11,4  16,0   12:35   7,2   23:55   6,9   0,0   0,0   1,6  31,0   11:57    NO
25   9,3  12,9   15:14   7,0   02:08   9,0   0,0   8,4   0,6  19,0   14:57    NO
26   8,5  10,3   15:05   5,6   23:49   9,8   0,0   4,5   0,1  10,0   10:57   NNW
27   9,7  17,2   14:43   2,5   06:31   8,6   0,0   0,0   0,6  21,0   09:52   OSO
28  11,5  21,3   16:27   2,0   06:49   7,0   0,2   0,0   0,8  16,0   14:15    SO
29  11,7  19,4   14:09   3,7   06:25   6,6   0,1   0,0   0,5  18,0   14:32   OSO
30   9,1  11,2   00:00   7,0   05:58   9,2   0,0   4,2   0,6  19,0   11:27     N
----------------------------------------------------------------------------------
     8,3  24,7    13    -5,9     3   301,2   2,2  78,6   1,6  60,0     7       W

Max >=  27,0  0
Max <=   0,0  0
Min <=   0,0  7
Min <= -18,0  0
Max Rain: 23,4 on day 7
Days of Rain: 13 (>= 0,2 mm)  9 (>= 2,0 mm)  1 (>= 20,0 mm)
Heat Base: 18,3  Cool Base: 18,3  Method: Integration


Seiten Update 23.04.2024 00:00:15
Erstellt von Cumulus v3.28.1 (3278)
Layout: Frank Grebe 2019-10-15