Das Wetter in Buchenau an der Lahn

NOAA Reports (nur in Englisch verfügbar)




NOAA style reports

NOAA-style Climate Reports

Select a Year or Month report
V/Λ2024 > Jan Feb Mar Apr May Jun Jul Aug Sep Oct Nov Dec
V/Λ2023 > Jan Feb Mar Apr May Jun Jul Aug Sep Oct Nov Dec
V/Λ2022 > Jan Feb Mar Apr May Jun Jul Aug Sep Oct Nov Dec
V/Λ2021 > Jan Feb Mar Apr May Jun Jul Aug Sep Oct Nov Dec
V/Λ2020 > Jan Feb Mar Apr May Jun Jul Aug Sep Oct Nov Dec
V/Λ2019 > Jan Feb Mar Apr May Jun Jul Aug Sep Oct Nov Dec

Report for 2022 Mar
                   Monthly Climatological Summary for Mär 2022

Name: Buchenau   City: Dautphetal   State: Germany
Elevation: 244 m  Lat: N 50° 52' 27"   Lon: E 008° 35' 47"

                  Temperature (°C), Rain (mm), Wind Speed (km/h)

                                      Heat  Cool        Avg
    Mean                              Deg   Deg         Wind                 Dom
Day Temp  High   Time   Low    Time   Days  Days  Rain  Speed High   Time    Dir
----------------------------------------------------------------------------------
01   1,1   7,7   14:18  -4,9   07:41  17,2   0,0   0,0   0,5  21,0   12:26   SSO
02   2,5  10,2   15:12  -2,8   23:54  15,8   0,0   0,0   0,7  18,0   16:08   SSO
03   1,3  11,0   14:47  -5,6   06:17  17,0   0,0   0,0   0,5  22,0   15:10    NO
04  -0,8   6,9   16:47  -6,1   07:00  19,1   0,0   0,0   0,8  17,0   11:15     O
05  -0,6   7,3   14:31  -6,9   07:17  18,9   0,0   0,0   0,5  16,0   13:56   SSO
06  -0,7   5,4   14:33  -6,2   05:23  19,0   0,0   0,0   1,3  22,0   12:10    NO
07   1,3   6,9   15:40  -3,0   23:27  17,0   0,0   0,0   1,5  33,0   14:29   OSO
08   1,2  10,1   16:18  -6,3   06:48  17,0   0,0   0,0   1,1  23,0   13:51    SO
09   1,8  13,0   16:36  -6,7   07:19  16,5   0,0   0,0   0,7  22,0   13:03   SSO
10   3,9  14,8   15:51  -5,6   07:08  14,4   0,0   0,0   0,8  19,0   17:03   SSO
11   3,2  11,8   16:42  -4,6   07:03  15,1   0,0   0,0   1,9  27,0   12:16   SSO
12   4,9  13,8   15:24  -1,7   01:37  13,4   0,0   0,0   0,7  21,0   12:36   SSO
13   4,8  14,5   15:11  -3,9   06:51  13,5   0,0   0,0   0,3  16,0   14:31    SO
14   6,1  12,7   15:48   2,0   23:59  12,2   0,0   6,3   0,3  23,0   15:21    SW
15   3,4   6,7   13:04   0,1   04:35  14,9   0,0   9,3   0,0   4,0   16:59     N
16   5,2  12,0   14:36   0,2   07:11  13,1   0,0   0,0   0,5  17,0   14:26     S
17   6,0   9,1   13:34   0,8   23:50  12,3   0,0   0,3   0,2  22,0   14:25   NNW
18   6,0  13,5   15:36  -2,1   06:22  12,3   0,0   0,0   1,5  28,0   16:58    NO
19   6,1  11,6   14:09   1,4   07:07  12,2   0,0   0,0   3,0  42,0   16:13    NO
20   7,4  14,7   16:32   2,1   23:58  10,9   0,0   0,0   2,2  38,0   14:16    SO
21   7,0  16,8   16:34  -1,5   06:28  11,3   0,0   0,0   0,3  13,0   13:37   SSO
22   7,5  18,4   15:41  -1,6   07:07  10,8   0,0   0,0   0,7  17,0   13:14   SSO
23   8,0  19,5   16:00  -1,8   06:48  10,4   0,1   0,0   0,5  15,0   13:34   SSO
24   8,8  19,7   14:55  -1,3   07:00   9,6   0,1   0,0   0,5  16,0   14:24    SO
25   7,9  17,3   14:34  -0,6   05:52  10,4   0,0   0,0   0,7  18,0   13:37    NO
26   8,4  18,1   14:44  -0,9   05:59   9,8   0,0   0,0   1,1  22,0   12:12    NO
27   9,6  17,9   16:32   1,3   06:53   8,3   0,0   0,0   0,4  16,0   14:04   ONO
28  11,1  21,2   14:58   2,5   07:32   7,6   0,4   0,0   0,7  28,0   13:34   WSW
29  10,1  15,4   15:36   6,0   07:04   8,2   0,0   0,0   0,9  17,0   10:28   OSO
30   7,9  12,4   15:20   4,6   07:25  10,4   0,0   2,4   0,9  22,0   13:45     O
31   3,9   5,7   14:03   1,7   23:24  14,4   0,0   2,7   0,9  21,0   16:03    NO
----------------------------------------------------------------------------------
     5,0  21,2    28    -6,9     5   413,0   0,6  21,0   0,9  42,0    19     OSO

Max >=  27,0  0
Max <=   0,0  0
Min <=   0,0 20
Min <= -18,0  0
Max Rain: 9,3 on day 15
Days of Rain: 5 (>= 0,2 mm)  4 (>= 2,0 mm)  0 (>= 20,0 mm)
Heat Base: 18,3  Cool Base: 18,3  Method: Integration


Seiten Update 29.02.2024 00:00:11
Erstellt von Cumulus v3.28.1 (3278)
Layout: Frank Grebe 2019-10-15