Das Wetter in Buchenau an der Lahn

NOAA Reports (nur in Englisch verfügbar)




NOAA style reports

NOAA-style Climate Reports

Select a Year or Month report
V/Λ2024 > Jan Feb Mar Apr May Jun Jul Aug Sep Oct Nov Dec
V/Λ2023 > Jan Feb Mar Apr May Jun Jul Aug Sep Oct Nov Dec
V/Λ2022 > Jan Feb Mar Apr May Jun Jul Aug Sep Oct Nov Dec
V/Λ2021 > Jan Feb Mar Apr May Jun Jul Aug Sep Oct Nov Dec
V/Λ2020 > Jan Feb Mar Apr May Jun Jul Aug Sep Oct Nov Dec
V/Λ2019 > Jan Feb Mar Apr May Jun Jul Aug Sep Oct Nov Dec

Report for 2021 Nov
                   Monthly Climatological Summary for Nov 2021

Name: Buchenau   City: Dautphetal   State: Germany
Elevation: 244 m  Lat: N 50° 52' 27"   Lon: E 008° 35' 47"

                  Temperature (°C), Rain (mm), Wind Speed (km/h)

                                      Heat  Cool        Avg
    Mean                              Deg   Deg         Wind                 Dom
Day Temp  High   Time   Low    Time   Days  Days  Rain  Speed High   Time    Dir
----------------------------------------------------------------------------------
01   9,6  14,3   15:18   3,2   22:29   8,7   0,0   0,0   1,1  31,0   13:14   SSW
02   6,9  11,2   12:15   4,1   00:00  11,4   0,0   1,5   0,3  22,0   12:52     S
03   6,5   7,5   15:14   4,2   02:08  11,8   0,0   8,7   0,1  15,0   08:58    NO
04   6,8   8,5   14:54   5,6   07:31  11,5   0,0   0,0   0,3  21,0   13:11   WSW
05   6,9  10,1   11:25   4,2   23:59  11,4   0,0   0,0   0,2  16,0   11:25   WSW
06   6,7  11,3   12:19   2,0   05:28  11,6   0,0   0,0   1,0  23,0   13:20   SSW
07   8,1  10,9   14:35   5,6   21:37  10,2   0,0   3,0   1,6  30,0   18:13   WSW
08   7,3  11,1   13:57   4,9   01:59  11,0   0,0   0,0   0,3  18,0   14:59    SW
09   6,1  11,5   13:52  -0,6   23:38  12,2   0,0   0,0   0,4  16,0   13:04   SSO
10   1,5   9,0   14:56  -2,9   07:15  16,8   0,0   0,0   0,0   6,0   10:13     S
11   1,8   9,0   13:57  -3,1   07:47  16,5   0,0   0,0   0,2  12,0   14:08   SSO
12   2,8   4,9   13:55   0,9   22:03  15,5   0,0   0,0   0,3  16,0   14:47   SSO
13   3,0   4,5   22:38   1,2   00:00  15,3   0,0   2,7   0,1  13,0   00:32   SSO
14   6,8   8,3   12:26   4,5   00:00  11,5   0,0   0,3   0,2  18,0   21:15    NO
15   5,7   7,3   00:00   4,7   23:23  12,5   0,0   0,0   0,4  17,0   20:07    NO
16   4,6   5,3   12:57   4,0   23:29  13,7   0,0   0,3   0,0   7,0   10:05   NNO
17   5,0   6,3   13:14   3,1   23:59  13,3   0,0   0,6   0,1  15,0   11:59     W
18   6,0   9,4   13:44   1,9   02:13  12,3   0,0   0,0   0,7  28,0   14:32   WSW
19   9,4  10,9   12:34   8,0   00:00   8,8   0,0   0,0   0,2  16,0   10:09    SW
20   8,9  10,0   12:01   6,7   21:20   9,4   0,0   0,0   0,3  17,0   14:22     W
21   6,4   7,8   13:23   3,1   23:47  11,9   0,0   0,0   0,0  11,0   00:50    SW
22   2,7   7,0   13:10  -3,3   23:58  15,6   0,0   0,0   0,5  27,0   10:24   NNO
23   0,6   7,0   13:51  -4,6   05:18  17,7   0,0   0,3   0,0  10,0   14:42   SSO
24   3,3   6,6   13:15  -1,1   21:47  15,0   0,0   0,0   0,0  10,0   14:33    SO
25   2,4   5,3   13:50   0,1   00:00  15,9   0,0   0,0   0,0  13,0   14:39   SSW
26   2,3   3,2   15:24   1,0   23:14  16,0   0,0   5,7   0,9  23,0   18:36     S
27   1,2   5,2   14:43  -2,1   21:16  17,1   0,0   2,7   0,2  16,0   12:15   SSW
28   0,7   2,7   13:28  -1,4   00:00  17,6   0,0   0,3   0,0   7,0   12:07   SSO
29   0,8   2,3   13:56  -1,1   06:20  17,5   0,0   0,6   0,0  11,0   10:52   SSW
30   5,1   8,2   17:36   1,1   05:32  13,2   0,0   8,4   1,7  36,0   13:40   WSW
----------------------------------------------------------------------------------
     4,9  14,3     1    -4,6    23   402,9   0,0  35,1   0,4  36,0    30      SW

Max >=  27,0  0
Max <=   0,0  0
Min <=   0,0  9
Min <= -18,0  0
Max Rain: 8,7 on day 3
Days of Rain: 13 (>= 0,2 mm)  6 (>= 2,0 mm)  0 (>= 20,0 mm)
Heat Base: 18,3  Cool Base: 18,3  Method: Integration


Seiten Update 23.04.2024 00:00:15
Erstellt von Cumulus v3.28.1 (3278)
Layout: Frank Grebe 2019-10-15