Das Wetter in Buchenau an der Lahn

NOAA Reports (nur in Englisch verfügbar)




NOAA style reports

NOAA-style Climate Reports

Select a Year or Month report
V/Λ2024 > Jan Feb Mar Apr May Jun Jul Aug Sep Oct Nov Dec
V/Λ2023 > Jan Feb Mar Apr May Jun Jul Aug Sep Oct Nov Dec
V/Λ2022 > Jan Feb Mar Apr May Jun Jul Aug Sep Oct Nov Dec
V/Λ2021 > Jan Feb Mar Apr May Jun Jul Aug Sep Oct Nov Dec
V/Λ2020 > Jan Feb Mar Apr May Jun Jul Aug Sep Oct Nov Dec
V/Λ2019 > Jan Feb Mar Apr May Jun Jul Aug Sep Oct Nov Dec

Report for 2021 Sep
                   Monthly Climatological Summary for Sep 2021

Name: Buchenau   City: Dautphetal   State: Germany
Elevation: 244 m  Lat: N 50° 52' 27"   Lon: E 008° 35' 47"

                  Temperature (°C), Rain (mm), Wind Speed (km/h)

                                      Heat  Cool        Avg
    Mean                              Deg   Deg         Wind                 Dom
Day Temp  High   Time   Low    Time   Days  Days  Rain  Speed High   Time    Dir
----------------------------------------------------------------------------------
01  13,8  21,5   16:37   7,6   07:07   4,8   0,3   0,0   0,1  13,0   17:44     S
02  14,5  23,4   15:01   6,5   07:12   4,9   1,1   0,0   0,9  22,0   14:42   SSO
03  16,0  25,8   17:06   7,8   06:12   4,1   1,9   0,0   0,5  16,0   12:32   SSO
04  16,7  25,3   16:30   8,7   06:32   3,5   1,9   0,0   0,9  24,0   21:11    SO
05  16,6  25,9   16:20   8,5   07:17   3,6   1,9   0,0   0,8  16,0   17:46   SSO
06  17,7  27,6   15:08   8,7   07:12   3,3   2,7   0,0   0,3  15,0   14:32    SW
07  17,1  24,7   17:11  10,9   07:28   2,9   1,6   0,0   0,3  15,0   16:21    SO
08  17,1  26,3   15:11   8,9   06:49   3,5   2,3   0,0   0,5  16,0   15:22   SSO
09  18,4  27,8   16:04   9,6   07:04   3,0   3,0   0,0   0,9  21,0   17:32     S
10  18,9  23,6   12:32  15,9   07:17   0,5   1,1   5,7   0,2  15,0   12:38     S
11  17,5  23,8   15:18  12,5   23:59   1,8   1,0   5,1   0,6  26,0   14:27   WSW
12  16,5  23,3   16:04  11,3   23:39   3,0   1,2   0,0   0,7  23,0   16:02    SW
13  14,8  22,6   15:34   8,0   06:56   4,4   0,9   0,0   0,5  15,0   14:15   SSO
14  16,6  25,4   15:56   9,0   07:58   3,4   1,7   0,0   0,4  13,0   14:22     S
15  18,1  21,2   14:15  15,7   05:51   0,9   0,7   4,5   0,3  22,0   13:40     S
16  15,1  17,6   15:47  10,9   23:37   3,2   0,0   0,0   0,1  18,0   14:11     W
17  13,7  21,2   15:41   7,7   05:42   4,9   0,2   0,0   0,1  13,0   14:25    SW
18  14,6  21,7   15:59   9,4   07:18   4,2   0,5   0,0   0,3  15,0   14:38    SO
19  12,0  14,8   15:22   8,3   03:10   6,3   0,0   0,0   0,5  18,0   14:21    NO
20  11,6  14,9   15:47   7,4   08:01   6,7   0,0   0,0   0,5  15,0   10:34   ONO
21   9,8  17,5   16:13   2,9   05:50   8,5   0,0   0,0   0,2  19,0   11:55   ONO
22  11,8  21,6   17:11   4,4   06:55   6,9   0,5   0,0   0,7  19,0   15:58     S
23  13,6  21,9   15:08   5,3   08:09   5,4   0,7   0,0   1,9  33,0   12:52   WSW
24  16,2  19,4   16:24  11,7   23:45   2,3   0,1   1,2   0,4  19,0   14:24   WSW
25  14,8  23,5   15:56   8,6   05:43   4,5   1,0   0,3   0,4  17,0   15:07   SSO
26  16,3  22,9   12:54  11,2   06:57   3,0   1,0   0,0   0,4  26,0   13:41     S
27  15,8  20,1   13:05  12,6   03:55   2,7   0,2   1,5   0,7  26,0   21:39   SSW
28  12,3  18,0   14:51   8,0   23:55   6,0   0,0   0,3   0,2  17,0   15:27     S
29   9,8  14,1   13:08   7,1   04:18   8,5   0,0   7,2   0,7  48,0   16:07    SW
30   9,6  15,8   14:54   3,9   07:38   8,7   0,0   0,3   0,7  32,0   14:24    SW
----------------------------------------------------------------------------------
    14,9  27,8     9     2,9    21   129,4  27,5  26,1   0,5  48,0    29       S

Max >=  27,0  2
Max <=   0,0  0
Min <=   0,0  0
Min <= -18,0  0
Max Rain: 7,2 on day 29
Days of Rain: 9 (>= 0,2 mm)  4 (>= 2,0 mm)  0 (>= 20,0 mm)
Heat Base: 18,3  Cool Base: 18,3  Method: Integration


Seiten Update 29.02.2024 00:00:11
Erstellt von Cumulus v3.28.1 (3278)
Layout: Frank Grebe 2019-10-15