Das Wetter in Buchenau an der Lahn

NOAA Reports (nur in Englisch verfügbar)




NOAA style reports

NOAA-style Climate Reports

Select a Year or Month report
V/Λ2024 > Jan Feb Mar Apr May Jun Jul Aug Sep Oct Nov Dec
V/Λ2023 > Jan Feb Mar Apr May Jun Jul Aug Sep Oct Nov Dec
V/Λ2022 > Jan Feb Mar Apr May Jun Jul Aug Sep Oct Nov Dec
V/Λ2021 > Jan Feb Mar Apr May Jun Jul Aug Sep Oct Nov Dec
V/Λ2020 > Jan Feb Mar Apr May Jun Jul Aug Sep Oct Nov Dec
V/Λ2019 > Jan Feb Mar Apr May Jun Jul Aug Sep Oct Nov Dec

Report for 2021 Aug
                   Monthly Climatological Summary for Aug 2021

Name: Buchenau   City: Dautphetal   State: Germany
Elevation: 244 m  Lat: N 50° 52' 27"   Lon: E 008° 35' 47"

                  Temperature (°C), Rain (mm), Wind Speed (km/h)

                                      Heat  Cool        Avg
    Mean                              Deg   Deg         Wind                 Dom
Day Temp  High   Time   Low    Time   Days  Days  Rain  Speed High   Time    Dir
----------------------------------------------------------------------------------
01  17,1  23,4   16:17  11,7   03:10   2,4   1,3   0,0   1,5  33,1   15:53    SW
02  16,5  20,9   17:08  12,4   23:59   2,1   0,3   2,7   0,3  23,4   11:13    SW
03  13,9  18,8   16:14   9,1   04:09   4,4   0,0   4,5   0,1  13,3   16:38    SO
04  16,8  22,9   16:16  13,4   02:13   2,3   0,8   7,2   0,2  13,3   16:03     S
05  16,7  23,0   14:06  12,8   03:29   2,4   0,9   1,2   0,3  19,4   15:21     S
06  17,2  22,6   15:53  13,1   03:36   2,0   0,9   1,8   1,1  40,3   13:58   SSW
07  16,5  22,7   17:08  11,0   05:18   2,8   0,9   3,6   1,7  35,6   22:00   SSW
08  15,6  20,2   14:53  11,4   23:59   2,9   0,1   0,3   1,7  31,7   15:07   SSW
09  15,1  21,7   17:00   9,0   04:09   3,8   0,6   0,3   1,1  30,6   14:48   SSW
10  15,2  23,2   17:18   9,5   04:02   3,8   0,7  22,5   0,5  28,1   18:36     S
11  17,9  26,1   17:23  13,3   06:46   2,0   1,6   0,0   0,0   1,1   01:49     N
12  19,3  27,6   16:52  12,1   05:07   1,9   3,0   0,0   0,2  15,8   15:58   SSW
13  20,8  29,4   14:02  13,2   05:37   1,3   3,8   0,0   0,6  25,6   14:09   WSW
14  20,1  28,9   17:28  11,7   06:14   1,8   3,6   0,0   1,1  30,6   13:04    SW
15  19,3  27,9   15:04  10,8   06:20   2,2   3,2   0,0   0,7  23,4   14:01   SSW
16  15,8  20,0   14:36  11,3   23:34   2,7   0,1   1,2   2,2  36,7   08:46   WSW
17  13,6  16,5   13:51  11,4   00:50   4,7   0,0   1,5   1,9  37,8   13:56   WSW
18  15,5  17,8   15:22  12,8   00:00   2,8   0,0   2,1   0,5  19,4   16:08   WSW
19  17,1  21,5   15:25  13,7   23:54   1,7   0,4   2,4   0,7  20,9   14:34    SW
20  13,3  18,7   20:29  12,1   05:46   5,0   0,0  17,7   0,0   6,1   02:50     S
21  18,3  25,8   16:06  11,4   07:00   2,3   2,2   0,0   0,4  14,8   11:17     S
22  17,4  22,3   16:58  13,8   23:52   1,6   0,7   9,6   0,3  18,4   12:12    SW
23  15,7  20,4   17:50  11,4   23:51   2,9   0,3   0,3   0,5  23,4   15:14   NNO
24  10,0  19,7   18:25   7,7   05:44   8,3   0,0  26,4   0,0  11,2   18:25     N
25  15,1  24,5   16:26   6,3   06:17   4,5   1,3   0,0   0,3  18,4   16:30     W
26  15,8  21,2   16:08  11,4   23:58   2,8   0,3   0,6   0,9  28,1   17:47    NW
27  13,6  18,2   15:25  10,2   06:41   4,6   0,0   4,2   0,5  24,0   13:04    NW
28  13,9  19,0   18:07   9,3   04:25   4,4   0,0   6,6   0,1  11,0   15:00     W
29  14,8  17,2   18:31  13,3   05:24   3,5   0,0   4,8   0,0  11,0   12:16     W
30  16,7  19,3   17:07  13,4   22:44   1,7   0,1   0,0   0,7  27,0   13:43     N
31  15,4  21,7   15:48   9,5   06:52   3,5   0,6   0,0   0,5  16,0   01:16     N
----------------------------------------------------------------------------------
    16,1  29,4    13     6,3    25    95,1  27,7 121,5   0,7  40,3     6      SW

Max >=  27,0  4
Max <=   0,0  0
Min <=   0,0  0
Min <= -18,0  0
Max Rain: 26,4 on day 24
Days of Rain: 21 (>= 0,2 mm)  13 (>= 2,0 mm)  2 (>= 20,0 mm)
Heat Base: 18,3  Cool Base: 18,3  Method: Integration


Seiten Update 28.05.2024 00:00:15
Erstellt von Cumulus v3.28.1 (3278)
Layout: Frank Grebe 2019-10-15