Das Wetter in Buchenau an der Lahn

NOAA Reports (nur in Englisch verfügbar)




NOAA style reports

NOAA-style Climate Reports

Select a Year or Month report
V/Λ2024 > Jan Feb Mar Apr May Jun Jul Aug Sep Oct Nov Dec
V/Λ2023 > Jan Feb Mar Apr May Jun Jul Aug Sep Oct Nov Dec
V/Λ2022 > Jan Feb Mar Apr May Jun Jul Aug Sep Oct Nov Dec
V/Λ2021 > Jan Feb Mar Apr May Jun Jul Aug Sep Oct Nov Dec
V/Λ2020 > Jan Feb Mar Apr May Jun Jul Aug Sep Oct Nov Dec
V/Λ2019 > Jan Feb Mar Apr May Jun Jul Aug Sep Oct Nov Dec

Report for 2021 Jul
                   Monthly Climatological Summary for Jul 2021

Name: Buchenau   City: Dautphetal   State: Germany
Elevation: 244 m  Lat: N 50° 52' 27"   Lon: E 008° 35' 47"

                  Temperature (°C), Rain (mm), Wind Speed (km/h)

                                      Heat  Cool        Avg
    Mean                              Deg   Deg         Wind                 Dom
Day Temp  High   Time   Low    Time   Days  Days  Rain  Speed High   Time    Dir
----------------------------------------------------------------------------------
01  14,0  15,0   16:41  12,9   21:39   4,3   0,0   2,1   1,2  28,1   13:26   WSW
02  16,2  22,2   17:56  12,5   03:51   2,8   0,7   3,3   0,4  28,1   16:22   WSW
03  18,6  27,2   16:20   9,3   06:02   2,7   3,0   0,0   0,5  17,3   12:21     S
04  17,6  24,4   13:52  13,9   05:09   1,6   0,8  11,4   0,1  25,6   15:25     S
05  16,6  21,0   14:01  11,7   04:40   2,2   0,6   8,1   0,7  22,0   13:13     S
06  17,5  20,3   16:14  14,6   23:41   1,1   0,3  13,8   0,8  29,5   17:34     S
07  18,0  24,1   18:45  12,6   04:24   2,1   1,7   0,0   0,7  23,4   13:33   SSO
08  17,3  24,9   14:04  12,3   05:19   2,3   1,3   3,3   0,1  18,4   14:37    NO
09  17,1  21,3   16:24  14,6   23:58   1,4   0,2   0,0   0,1  19,4   12:23    SO
10  18,1  24,2   16:39  12,4   04:00   1,9   1,7   0,0   0,5  19,4   13:53   SSO
11  17,1  20,7   13:31  15,3   04:05   1,5   0,3  15,0   0,1  12,2   14:09    SW
12  18,9  25,0   16:24  14,0   06:09   1,5   2,1   0,0   0,2  18,4   12:01   SSO
13  19,0  23,0   17:01  16,6   06:29   0,5   1,2   6,0   0,1  15,8   19:25    SO
14  16,5  18,1   00:00  15,6   23:30   1,8   0,0  26,1   0,3  25,6   17:53     S
15  18,7  25,1   16:53  15,2   04:27   1,2   1,6   0,9   0,1  17,3   19:29     N
16  18,6  22,8   16:01  15,2   05:56   0,8   1,1   0,0   0,2  15,8   17:19   WNW
17  21,4  27,4   14:45  16,6   23:58   0,3   3,4   0,0   0,8  22,0   17:14     N
18  20,7  28,2   15:38  11,8   06:02   1,5   3,9   0,0   0,7  18,4   16:01    NW
19  17,9  23,8   16:08  13,3   05:40   1,5   1,1   0,0   0,9  19,4   12:32     N
20  17,0  23,5   15:44  10,4   05:31   2,7   1,3   0,0   1,0  22,0   19:48    NO
21  17,3  24,2   17:13   8,4   06:10   2,8   1,8   0,0   0,5  15,8   12:20     O
22  19,0  25,1   17:33  12,5   03:54   1,5   2,2   0,0   0,3  14,8   13:48   SSO
23  19,9  27,7   16:46  12,3   06:08   1,6   3,2   0,0   0,0   0,0   00:00     N
24  18,4  24,9   11:59  12,2   05:21   1,6   1,7   5,1   0,0  29,5   16:27    SW
25  19,4  26,7   17:01  14,6   05:53   1,3   2,4   1,8   0,5  22,0   14:45     S
26  19,8  25,6   13:25  14,8   05:51   1,1   2,6   0,0   0,9  37,8   13:33   SSW
27  18,2  25,1   15:01  13,4   04:59   1,5   1,4   3,3   1,3  27,0   13:29     S
28  18,1  23,2   16:58  13,3   04:49   1,4   1,2   2,1   1,5  30,6   14:37   SSW
29  17,8  21,9   15:18  13,7   06:41   1,3   0,9   0,0   2,1  39,2   14:38    SW
30  18,6  26,6   16:38   9,7   05:34   2,6   2,9   0,0   1,8  28,1   11:40   SSW
31  17,8  21,5   15:14  13,8   23:55   1,2   0,7   0,0   2,1  35,6   17:29   WSW
----------------------------------------------------------------------------------
    18,1  28,2    18     8,4    21    53,6  47,3 102,3   0,7  39,2    29     SSW

Max >=  27,0  4
Max <=   0,0  0
Min <=   0,0  0
Min <= -18,0  0
Max Rain: 26,1 on day 14
Days of Rain: 14 (>= 0,2 mm)  12 (>= 2,0 mm)  1 (>= 20,0 mm)
Heat Base: 18,3  Cool Base: 18,3  Method: Integration


Seiten Update 23.04.2024 00:00:15
Erstellt von Cumulus v3.28.1 (3278)
Layout: Frank Grebe 2019-10-15