Das Wetter in Buchenau an der Lahn

NOAA Reports (nur in Englisch verfügbar)




NOAA style reports

NOAA-style Climate Reports

Select a Year or Month report
V/Λ2024 > Jan Feb Mar Apr May Jun Jul Aug Sep Oct Nov Dec
V/Λ2023 > Jan Feb Mar Apr May Jun Jul Aug Sep Oct Nov Dec
V/Λ2022 > Jan Feb Mar Apr May Jun Jul Aug Sep Oct Nov Dec
V/Λ2021 > Jan Feb Mar Apr May Jun Jul Aug Sep Oct Nov Dec
V/Λ2020 > Jan Feb Mar Apr May Jun Jul Aug Sep Oct Nov Dec
V/Λ2019 > Jan Feb Mar Apr May Jun Jul Aug Sep Oct Nov Dec

Report for 2021 Jun
                   Monthly Climatological Summary for Jun 2021

Name: Buchenau   City: Dautphetal   State: Germany
Elevation: 244 m  Lat: N 50° 52' 27"   Lon: E 008° 35' 47"

                  Temperature (°C), Rain (mm), Wind Speed (km/h)

                                      Heat  Cool        Avg
    Mean                              Deg   Deg         Wind                 Dom
Day Temp  High   Time   Low    Time   Days  Days  Rain  Speed High   Time    Dir
----------------------------------------------------------------------------------
01  16,0  24,6   16:43   5,4   05:46   4,2   1,9   0,0   1,2  25,6   16:47    SO
02  18,0  26,6   17:22   8,8   05:35   3,1   2,9   0,0   1,2  30,6   13:46     S
03  18,5  26,9   14:16   9,6   05:25   2,4   2,6   0,9   0,6  28,1   15:40   SSO
04  18,6  26,5   13:34  15,0   05:33   1,0   1,3  29,7   0,2  28,1   14:46   SSO
05  19,7  24,6   14:25  15,8   02:27   0,8   2,2   0,0   1,0  33,1   16:28    SW
06  17,5  19,2   12:54  15,0   23:23   0,9   0,1   0,0   0,5  18,4   15:47    NW
07  17,3  20,4   15:13  14,7   05:46   1,4   0,4   0,0   0,3  14,8   12:31   NNO
08  18,9  22,8   13:04  15,1   04:04   0,9   1,5   0,0   0,1  13,3   14:26   NNO
09  20,7  27,9   16:34  13,5   05:44   1,0   3,3   3,3   0,9  19,4   16:38   SSO
10  20,4  28,5   16:38  12,4   06:10   1,5   3,5   0,3   0,5  20,9   15:34     S
11  21,5  29,6   15:15  12,8   05:26   1,2   4,4   0,0   1,1  25,6   12:37    SW
12  18,9  23,5   12:08  13,6   06:10   1,2   1,8   0,0   2,1  31,7   14:35   WSW
13  16,7  24,3   15:39   9,0   05:10   3,0   1,4   0,0   1,1  19,4   14:58   OSO
14  18,5  27,2   16:31   8,1   05:46   2,8   2,9   0,0   2,1  19,4   18:04   SSO
15  19,9  26,9   14:06  11,7   04:49   1,7   3,3   0,0   0,6  15,8   14:38   NNO
16  22,1  30,6   17:03  13,5   05:48   1,0   4,8   0,0   0,8  20,9   16:27     S
17  24,4  32,9   16:37  14,5   05:54   0,7   6,8   0,0   1,5  24,5   13:28     S
18  25,2  33,7   13:54  16,3   05:30   0,2   7,1   0,0   0,4  22,0   15:38     S
19  25,6  32,1   16:17  18,1   05:53   0,0   7,3   0,0   0,9  22,0   13:50   SSW
20  23,5  28,7   15:58  19,3   06:14   0,0   5,2  15,0   1,4  29,5   02:56   SSW
21  19,7  24,5   15:12  15,8   23:44   0,3   1,7   7,5   2,1  34,2   13:50    SW
22  15,0  18,1   13:56  13,1   07:14   3,3   0,0   5,4   0,7  22,0   10:56    NO
23  17,5  22,2   15:21  14,0   00:06   1,6   0,8   0,0   0,8  18,4   15:37    NO
24  17,0  20,8   12:37  14,0   06:13   1,6   0,3   7,5   0,2  23,4   14:49     O
25  17,8  22,0   18:01  13,3   23:52   1,5   1,0   0,0   0,4  19,4   17:02    SW
26  18,3  26,2   16:49   9,8   05:00   2,6   2,6   0,0   0,4  24,5   17:55    SO
27  20,6  28,1   15:45  12,2   04:59   1,6   3,9   0,0   0,5  22,0   13:59   SSO
28  21,1  29,3   16:41  15,5   05:36   0,3   3,1  15,9   0,7  40,3   17:47   SSO
29  19,7  26,6   14:57  16,0   22:47   0,6   2,1   4,8   0,3  27,0   19:24   WSW
30  16,8  20,5   15:42  14,5   23:42   1,7   0,2   0,9   0,6  22,0   13:35    SW
----------------------------------------------------------------------------------
    19,5  33,7    18     5,4     1    44,1  80,4  91,2   0,8  40,3    28       S

Max >=  27,0 11
Max <=   0,0  0
Min <=   0,0  0
Min <= -18,0  0
Max Rain: 29,7 on day 4
Days of Rain: 11 (>= 0,2 mm)  8 (>= 2,0 mm)  1 (>= 20,0 mm)
Heat Base: 18,3  Cool Base: 18,3  Method: Integration


Seiten Update 23.04.2024 00:00:15
Erstellt von Cumulus v3.28.1 (3278)
Layout: Frank Grebe 2019-10-15