Das Wetter in Buchenau an der Lahn

NOAA Reports (nur in Englisch verfügbar)




NOAA style reports

NOAA-style Climate Reports

Select a Year or Month report
V/Λ2024 > Jan Feb Mar Apr May Jun Jul Aug Sep Oct Nov Dec
V/Λ2023 > Jan Feb Mar Apr May Jun Jul Aug Sep Oct Nov Dec
V/Λ2022 > Jan Feb Mar Apr May Jun Jul Aug Sep Oct Nov Dec
V/Λ2021 > Jan Feb Mar Apr May Jun Jul Aug Sep Oct Nov Dec
V/Λ2020 > Jan Feb Mar Apr May Jun Jul Aug Sep Oct Nov Dec
V/Λ2019 > Jan Feb Mar Apr May Jun Jul Aug Sep Oct Nov Dec

Report for 2021 Jan
                   Monthly Climatological Summary for Jan 2021

Name: Buchenau   City: Dautphetal   State: Germany
Elevation: 244 m  Lat: N 50° 52' 27"   Lon: E 008° 35' 47"

                  Temperature (°C), Rain (mm), Wind Speed (km/h)

                                      Heat  Cool        Avg
    Mean                              Deg   Deg         Wind                 Dom
Day Temp  High   Time   Low    Time   Days  Days  Rain  Speed High   Time    Dir
----------------------------------------------------------------------------------
01   0,9   2,3   14:58  -0,3   22:32  17,4   0,0   3,0   0,0   2,5   16:28     N
02   0,7   2,3   14:11  -0,6   01:39  17,6   0,0   0,0   0,0  11,2   23:55     W
03   1,5   2,2   11:03   0,5   23:59  16,8   0,0   0,0   1,1  27,0   11:30     N
04   0,8   1,1   13:52   0,4   05:41  17,5   0,0   0,6   0,3  13,3   21:17   NNO
05   1,0   1,5   15:04   0,7   03:55  17,2   0,0   1,8   0,8  23,4   14:59   NNO
06   1,8   3,1   11:24   0,4   23:55  16,5   0,0   1,8   0,1  13,3   01:20     N
07   0,7   1,4   12:50   0,3   06:12  17,6   0,0   0,9   0,3  20,9   04:22    SW
08   0,9   3,1   12:24   0,1   07:11  17,4   0,0   3,0   0,0  11,2   00:21   SSW
09   0,7   4,0   14:04  -0,4   23:30  17,6   0,0   0,0   0,0   6,1   04:16    SW
10  -0,1   2,4   13:39  -3,4   23:54  18,4   0,0   0,0   0,0   9,7   14:59     W
11  -0,7   1,8   13:48  -3,6   07:24  19,0   0,0   0,0   1,2  25,6   22:59     S
12   2,2   4,0   14:47  -0,6   23:43  16,1   0,0   6,6   0,7  23,4   00:00   SSW
13   1,6   3,9   15:04  -0,8   02:10  16,7   0,0   0,3   1,9  29,5   13:37   WSW
14   0,8   2,7   00:00  -0,3   08:18  17,5   0,0   0,0   0,5  27,0   00:32    NW
15   0,1   1,1   13:04  -2,1   07:05  18,2   0,0   0,0   0,5  18,4   23:57     N
16  -1,2  -0,1   12:34  -2,6   23:32  19,5   0,0   0,0   0,3  14,8   00:31   SSW
17  -1,2   0,3   13:12  -2,7   00:43  19,5   0,0   0,3   0,0   7,2   13:58   NNO
18   2,2   3,9   14:55  -0,3   03:24  16,1   0,0   0,9   0,3  19,4   17:49   WSW
19   3,2   4,9   17:25   1,1   11:19  15,1   0,0   7,8   1,5  25,6   15:38   SSW
20   3,7   7,5   14:27   0,6   04:04  14,6   0,0   0,0   1,0  25,6   11:44     S
21   6,4  10,3   08:27   2,4   00:00  11,9   0,0   7,5   3,4  45,4   06:59     S
22   4,4   9,2   02:18   0,5   23:02  13,9   0,0   9,0   1,5  36,7   00:33   SSW
23   1,6   3,8   14:48  -0,6   07:14  16,7   0,0   0,9   0,3  18,4   18:41   SSO
24   0,9   3,0   14:45  -1,4   23:37  17,4   0,0   6,6   0,2  22,0   13:39    SW
25  -0,8   1,0   15:05  -2,7   21:20  19,1   0,0   0,9   0,0   5,0   11:28     S
26   1,8   3,3   13:57  -1,0   00:00  16,5   0,0   3,9   1,1  29,5   04:02   WSW
27   0,7   1,5   15:33  -0,5   05:50  17,6   0,0   3,0   0,1  12,2   08:07     S
28   1,9   3,0   16:04   1,2   00:00  16,4   0,0  17,4   0,0   5,0   08:54     N
29   5,1   9,4   13:42   1,6   05:46  13,2   0,0  14,4   2,6  46,4   11:26   WSW
30   2,1   7,6   00:02  -0,8   23:54  16,2   0,0   0,6   2,5  31,7   03:18   NNO
31  -0,8   2,0   15:45  -5,1   08:12  19,1   0,0   0,0   0,5  14,8   00:59    SO
----------------------------------------------------------------------------------
     1,4  10,3    21    -5,1    31   524,3   0,0  91,2   0,7  46,4    29      SW

Max >=  27,0  0
Max <=   0,0  1
Min <=   0,0 19
Min <= -18,0  0
Max Rain: 17,4 on day 28
Days of Rain: 21 (>= 0,2 mm)  11 (>= 2,0 mm)  0 (>= 20,0 mm)
Heat Base: 18,3  Cool Base: 18,3  Method: Integration


Seiten Update 23.04.2024 00:00:15
Erstellt von Cumulus v3.28.1 (3278)
Layout: Frank Grebe 2019-10-15