Das Wetter in Buchenau an der Lahn

NOAA Reports (nur in Englisch verfügbar)




NOAA style reports

NOAA-style Climate Reports

Select a Year or Month report
V/Λ2024 > Jan Feb Mar Apr May Jun Jul Aug Sep Oct Nov Dec
V/Λ2023 > Jan Feb Mar Apr May Jun Jul Aug Sep Oct Nov Dec
V/Λ2022 > Jan Feb Mar Apr May Jun Jul Aug Sep Oct Nov Dec
V/Λ2021 > Jan Feb Mar Apr May Jun Jul Aug Sep Oct Nov Dec
V/Λ2020 > Jan Feb Mar Apr May Jun Jul Aug Sep Oct Nov Dec
V/Λ2019 > Jan Feb Mar Apr May Jun Jul Aug Sep Oct Nov Dec

Report for 2020 Dec
                   Monthly Climatological Summary for Dez 2020

Name: Buchenau   City: Dautphetal   State: Germany
Elevation: 244 m  Lat: N 50° 52' 27"   Lon: E 008° 35' 47"

                  Temperature (°C), Rain (mm), Wind Speed (km/h)

                                      Heat  Cool        Avg
    Mean                              Deg   Deg         Wind                 Dom
Day Temp  High   Time   Low    Time   Days  Days  Rain  Speed High   Time    Dir
----------------------------------------------------------------------------------
01   0,9   1,5   14:09   0,4   06:53  17,4   0,0   3,9   0,0  11,2   00:30     S
02   1,2   1,6   11:16   0,6   21:50  17,1   0,0   0,9   0,0   6,1   12:06     S
03   1,0   1,7   16:21   0,3   07:12  17,3   0,0   0,3   1,4  27,0   19:36   SSO
04   2,7   5,2   12:53   0,7   04:11  15,5   0,0   8,4   0,9  28,1   08:57   SSO
05   1,8   2,5   00:11   0,6   05:11  16,5   0,0   4,5   0,2   7,2   14:41   SSO
06   3,0   3,8   12:11   1,6   00:11  14,9   0,0   4,2   0,0   1,1   08:41     N
07   3,3   4,6   15:42   1,9   04:42  14,9   0,0   2,7   0,2   8,6   06:42     S
08   2,1   4,7   13:23  -0,9   22:49  16,2   0,0   0,0   0,1  12,2   10:12     O
09   0,6   2,3   14:34  -1,8   08:19  17,7   0,0   0,3   0,0   6,1   00:28   ONO
10   1,0   1,8   12:38   0,2   18:16  17,2   0,0   0,0   0,2  12,2   16:47     S
11   1,7   2,9   15:41   0,3   00:11  16,6   0,0   1,2   0,5  14,8   10:41     S
12   3,7   4,4   15:11   2,4   00:11  14,6   0,0   0,3   0,0   2,5   02:41     N
13   4,3   7,4   14:11   0,8   23:10  13,6   0,0   0,3   0,0   6,1   13:11    NW
14   4,2   7,5   14:11   0,9   01:23  13,9   0,0   0,3   0,3  13,3   04:28   SSO
15   5,2   6,5   18:37   2,8   00:12  13,0   0,0   6,9   0,0   1,1   00:12     N
16   7,3   8,9   14:45   5,8   01:34  11,0   0,0   0,0   0,3  15,8   19:28     S
17   5,8  10,5   14:55   0,3   22:01  12,5   0,0   0,6   0,4  23,4   00:15   SSO
18   2,8   5,6   15:54   0,0   01:39  15,5   0,0   0,0   0,0  15,8   18:53   SSO
19   5,3   8,9   14:06   3,8   18:58  13,0   0,0   0,0   0,3  17,3   05:25    SO
20   4,7   5,3   00:14   4,1   08:28  13,6   0,0   2,7   0,1  11,2   15:34     S
21   5,8   7,5   23:18   3,4   04:11  12,3   0,0   3,9   1,0  24,5   17:34     S
22  11,6  14,4   13:40   7,5   00:00   6,7   0,0   3,9   2,1  40,3   12:02   WSW
23  10,2  11,6   13:20   9,1   02:36   8,1   0,0  15,9   0,0  13,3   16:40     S
24   6,0  10,4   00:00   3,2   21:03  12,3   0,0   0,9   0,5  25,6   02:32   WSW
25   1,4   4,7   12:30  -2,6   21:24  16,9   0,0   0,0   0,3  17,3   13:07    NW
26   1,0   3,4   13:32  -3,6   01:51  17,3   0,0   0,0   1,3  30,6   23:04   SSW
27   0,8   1,9   00:00  -0,8   08:24  17,5   0,0   0,6   4,5  34,2   16:49     S
28   2,3   3,7   14:18   0,9   23:43  16,0   0,0  10,8   0,4  18,4   01:42   SSO
29   2,0   4,0   15:07  -0,3   23:50  16,3   0,0   0,3   0,3  20,9   13:12    SW
30   2,2   5,8   15:05  -0,2   00:00  16,1   0,0   0,9   0,2  18,4   13:41   SSW
31   1,3   2,3   03:07   0,8   08:18  17,0   0,0   3,9   0,4  17,3   11:58   SSO
----------------------------------------------------------------------------------
     3,5  14,4    22    -3,6    26   458,5   0,0  78,6   0,6  40,3    22       S

Max >=  27,0  0
Max <=   0,0  0
Min <=   0,0  8
Min <= -18,0  0
Max Rain: 15,9 on day 23
Days of Rain: 24 (>= 0,2 mm)  12 (>= 2,0 mm)  0 (>= 20,0 mm)
Heat Base: 18,3  Cool Base: 18,3  Method: Integration


Seiten Update 23.04.2024 00:00:15
Erstellt von Cumulus v3.28.1 (3278)
Layout: Frank Grebe 2019-10-15