Das Wetter in Buchenau an der Lahn

NOAA Reports (nur in Englisch verfügbar)




NOAA style reports

NOAA-style Climate Reports

Select a Year or Month report
V/Λ2024 > Jan Feb Mar Apr May Jun Jul Aug Sep Oct Nov Dec
V/Λ2023 > Jan Feb Mar Apr May Jun Jul Aug Sep Oct Nov Dec
V/Λ2022 > Jan Feb Mar Apr May Jun Jul Aug Sep Oct Nov Dec
V/Λ2021 > Jan Feb Mar Apr May Jun Jul Aug Sep Oct Nov Dec
V/Λ2020 > Jan Feb Mar Apr May Jun Jul Aug Sep Oct Nov Dec
V/Λ2019 > Jan Feb Mar Apr May Jun Jul Aug Sep Oct Nov Dec

Report for 2020 Aug
                   Monthly Climatological Summary for Aug 2020

Name: Buchenau   City: Dautphetal   State: Germany
Elevation: 244 m  Lat: N 50° 52' 27"   Lon: E 008° 35' 47"

                  Temperature (°C), Rain (mm), Wind Speed (km/h)

                                      Heat  Cool        Avg
    Mean                              Deg   Deg         Wind                 Dom
Day Temp  High   Time   Low    Time   Days  Days  Rain  Speed High   Time    Dir
----------------------------------------------------------------------------------
01  22,9  31,6   11:12  14,1   05:46   1,1   5,2   0,0   0,3  27,0   11:38   WSW
02  21,8  25,3   17:46  17,3   23:58   0,0   3,5   0,0   1,1  25,6   14:06   WNW
03  17,7  22,4   12:25  11,7   06:25   2,0   1,4   0,0   0,7  17,3   15:45    NO
04  16,8  24,9   16:41   8,8   06:11   3,3   1,8   0,0   1,1  25,6   13:09   WNW
05  19,0  28,9   16:49   8,1   06:07   3,0   3,7   0,0   1,4  27,0   15:43     S
06  21,2  31,0   17:15  10,3   06:31   2,0   4,9   0,0   1,1  18,4   11:15   SSO
07  23,2  33,8   15:59  11,6   06:22   1,5   6,4   0,0   0,8  19,4   13:13   SSO
08  25,7  35,9   16:03  14,8   05:53   0,6   8,0   0,0   0,7  29,5   15:31   SSO
09  24,5  34,7   12:48  17,4   06:42   0,0   6,2   0,0   0,6  24,5   13:07     W
10  23,7  30,0   17:35  18,7   06:09   0,0   5,4   1,5   0,8  24,5   13:43   OSO
11  23,1  33,4   16:18  16,1   06:21   0,3   5,1   0,0   0,8  30,6   16:21    SO
12  23,0  31,0   17:18  18,2   05:33   0,0   4,7   3,6   0,5  24,5   20:47   SSO
13  22,4  27,9   16:45  18,1   05:45   0,0   4,1   0,0   0,9  23,4   17:04   SSO
14  22,5  26,7   12:11  18,7   23:39   0,0   4,2   1,2   0,7  20,9   16:41   SSO
15  20,3  28,6   14:12  16,3   05:10   0,4   2,4  21,6   0,6  23,4   15:49   SSO
16  22,6  30,1   16:29  17,0   08:45   0,1   4,4   0,0   0,7  19,4   14:12    SO
17  18,8  23,2   13:45  15,6   23:57   0,7   1,3  28,5   0,3  33,1   00:32   SSW
18  19,5  26,6   17:00  14,3   07:13   1,3   2,5   0,0   1,1  29,5   14:36   WSW
19  19,5  26,7   14:56  12,0   05:56   1,5   2,8   0,0   0,9  20,9   13:07   SSO
20  22,6  30,4   16:28  17,1   04:02   0,3   4,6   0,0   0,8  20,9   17:40     S
21  23,6  29,6   11:15  17,3   05:40   0,1   5,4   0,0   0,7  27,0   16:55   SSW
22  22,3  26,1   14:43  17,8   22:44   0,0   4,1   0,0   2,5  43,9   14:30   WSW
23  18,0  21,9   14:14  14,8   07:04   1,0   0,7   0,0   2,4  33,1   13:41   WSW
24  17,0  20,6   16:48  12,4   23:36   1,7   0,4   0,0   1,9  33,1   17:26   WSW
25  16,6  22,3   13:41   9,3   06:55   2,9   1,2   0,0   1,7  27,0   15:00     S
26  18,0  20,2   01:44  15,7   21:52   0,5   0,3   0,0   7,5  61,2   11:27   WSW
27  16,8  23,0   17:01  10,8   07:00   2,2   0,8   0,0   0,7  25,6   17:04   SSW
28  17,0  21,4   12:48  12,9   02:32   2,1   0,8   3,3   1,1  30,6   12:34   WSW
29  15,3  21,9   16:08   9,0   07:24   3,4   0,4   0,0   1,9  31,7   11:51     S
30  14,9  21,5   15:04  10,7   04:22   3,8   0,4   3,0   0,2  15,8   14:15   ONO
31  14,8  17,7   10:48  11,9   23:51   3,5   0,0   2,7   0,1  12,2   10:54    SO
----------------------------------------------------------------------------------
    20,2  35,9     8     8,1     5    39,3  97,1  65,4   1,2  61,2    26      SW

Max >=  27,0 14
Max <=   0,0  0
Min <=   0,0  0
Min <= -18,0  0
Max Rain: 28,5 on day 17
Days of Rain: 8 (>= 0,2 mm)  6 (>= 2,0 mm)  2 (>= 20,0 mm)
Heat Base: 18,3  Cool Base: 18,3  Method: Integration


Seiten Update 28.05.2024 00:00:15
Erstellt von Cumulus v3.28.1 (3278)
Layout: Frank Grebe 2019-10-15