Das Wetter in Buchenau an der Lahn

NOAA Reports (nur in Englisch verfügbar)




NOAA style reports

NOAA-style Climate Reports

Select a Year or Month report
V/Λ2024 > Jan Feb Mar Apr May Jun Jul Aug Sep Oct Nov Dec
V/Λ2023 > Jan Feb Mar Apr May Jun Jul Aug Sep Oct Nov Dec
V/Λ2022 > Jan Feb Mar Apr May Jun Jul Aug Sep Oct Nov Dec
V/Λ2021 > Jan Feb Mar Apr May Jun Jul Aug Sep Oct Nov Dec
V/Λ2020 > Jan Feb Mar Apr May Jun Jul Aug Sep Oct Nov Dec
V/Λ2019 > Jan Feb Mar Apr May Jun Jul Aug Sep Oct Nov Dec

Report for 2020 Jul
                   Monthly Climatological Summary for Jul 2020

Name: Buchenau   City: Dautphetal   State: Germany
Elevation: 244 m  Lat: N 50° 52' 27"   Lon: E 008° 35' 47"

                  Temperature (°C), Rain (mm), Wind Speed (km/h)

                                      Heat  Cool        Avg
    Mean                              Deg   Deg         Wind                 Dom
Day Temp  High   Time   Low    Time   Days  Days  Rain  Speed High   Time    Dir
----------------------------------------------------------------------------------
01  19,7  24,1   14:56  14,9   05:20   0,5   1,9   5,7   1,4  31,7   12:08   SSW
02  18,5  23,7   12:10  13,5   06:25   1,1   1,3  12,3   0,8  22,0   13:33   WSW
03  17,9  22,5   18:15  14,0   23:31   1,5   1,1   0,3   1,0  23,4   12:06   WSW
04  18,6  24,7   16:42  10,9   04:57   2,2   2,5   0,0   2,0  31,7   11:12    SW
05  21,6  26,8   14:04  18,1   03:05   0,0   3,3   0,0   2,4  36,7   16:28   SSW
06  15,3  20,5   00:00  10,5   23:56   3,0   0,1   3,6   2,3  36,7   10:25   WSW
07  15,0  21,6   15:55   6,8   05:28   3,9   0,6   0,3   0,9  23,4   15:24    SW
08  14,4  16,3   19:29  12,4   09:12   3,9   0,0   1,5   0,2  13,3   12:35    SW
09  19,7  26,6   17:09  14,7   01:24   1,2   2,6   0,6   1,1  34,2   16:11   WSW
10  17,8  21,5   09:33  12,4   23:21   1,3   0,8   0,0   1,7  34,2   14:30   WSW
11  14,9  21,2   14:43   8,7   03:40   3,8   0,5   0,0   0,5  20,9   14:23   NNW
12  15,7  22,7   14:31   7,5   06:18   3,6   1,0   0,0   0,6  15,8   13:02    NO
13  17,3  27,0   17:35   6,8   05:31   3,5   2,6   0,0   0,6  18,4   14:29   SSO
14  17,8  27,1   12:53   9,9   05:18   2,8   2,2   1,8   0,2  20,9   12:16   WSW
15  16,6  21,6   16:58  13,1   23:56   2,2   0,5   0,9   0,8  20,9   15:31    NW
16  14,7  17,9   16:06  12,4   01:27   3,6   0,0   1,5   0,0  11,2   13:12   SSW
17  16,8  22,6   14:29  10,8   04:39   2,5   1,0   0,0   0,0  11,2   12:33     S
18  19,6  27,3   16:42  11,4   05:54   1,7   3,0   0,0   0,4  18,4   13:10   SSO
19  21,2  29,0   15:34  11,4   06:16   1,6   4,5   0,0   0,9  25,6   17:55     S
20  18,7  24,3   12:22  12,6   23:59   1,1   1,6   0,0   0,7  23,4   12:56   NNW
21  16,6  24,8   16:18   7,5   05:13   3,5   1,8   0,0   0,9  20,9   12:14    NW
22  17,0  26,4   15:30   6,7   06:25   3,4   2,2   0,0   0,9  18,4   13:43   NNO
23  18,5  26,9   16:31   8,3   06:18   2,5   2,7   0,0   0,7  19,4   11:39   SSO
24  21,2  26,9   16:38  14,4   05:10   0,9   3,7   0,0   1,2  28,1   18:01   WSW
25  20,8  26,1   17:06  13,8   05:28   0,6   3,2   0,0   0,8  25,6   14:26    SW
26  19,9  25,0   15:52  15,1   23:59   0,6   2,2   4,8   1,3  29,5   15:11   WSW
27  19,7  27,3   17:01  10,6   05:18   2,1   3,5   0,0   1,5  23,4   14:19   SSO
28  20,8  26,3   13:53  14,4   23:45   0,5   3,0   0,0   1,4  36,7   11:17     W
29  17,1  24,4   16:44   8,6   06:07   3,0   1,8   0,0   1,1  25,6   10:14   WSW
30  19,6  29,8   17:14   8,5   05:46   2,7   4,0   0,0   0,6  15,8   12:17     S
31  23,0  33,7   15:25  11,2   06:22   1,5   6,2   0,0   0,8  18,4   15:39   SSO
----------------------------------------------------------------------------------
    18,3  33,7    31     6,7    22    66,3  65,4  33,3   1,0  36,7     5      SW

Max >=  27,0  7
Max <=   0,0  0
Min <=   0,0  0
Min <= -18,0  0
Max Rain: 12,3 on day 2
Days of Rain: 11 (>= 0,2 mm)  4 (>= 2,0 mm)  0 (>= 20,0 mm)
Heat Base: 18,3  Cool Base: 18,3  Method: Integration


Seiten Update 28.05.2024 00:00:15
Erstellt von Cumulus v3.28.1 (3278)
Layout: Frank Grebe 2019-10-15