Das Wetter in Buchenau an der Lahn

NOAA Reports (nur in Englisch verfügbar)




NOAA style reports

NOAA-style Climate Reports

Select a Year or Month report
V/Λ2024 > Jan Feb Mar Apr May Jun Jul Aug Sep Oct Nov Dec
V/Λ2023 > Jan Feb Mar Apr May Jun Jul Aug Sep Oct Nov Dec
V/Λ2022 > Jan Feb Mar Apr May Jun Jul Aug Sep Oct Nov Dec
V/Λ2021 > Jan Feb Mar Apr May Jun Jul Aug Sep Oct Nov Dec
V/Λ2020 > Jan Feb Mar Apr May Jun Jul Aug Sep Oct Nov Dec
V/Λ2019 > Jan Feb Mar Apr May Jun Jul Aug Sep Oct Nov Dec

Report for 2020 Apr
                   Monthly Climatological Summary for Apr 2020

Name: Buchenau   City: Dautphetal   State: Germany
Elevation: 244 m  Lat: N 50 52 27   Lon: E 008 35 47

                  Temperature (°C), Rain (mm), Wind Speed (km/h)

                                      Heat  Cool        Avg
    Mean                              Deg   Deg         Wind                 Dom
Day Temp  High   Time   Low    Time   Days  Days  Rain  Speed High   Time    Dir
----------------------------------------------------------------------------------
01   3,3  12,7   16:38  -5,6   06:48  15,0   0,0   0,0   0,8  22,0   13:41     S
02   4,7  13,4   15:21  -4,0   06:55  13,6   0,0   0,0   1,1  33,1   16:11    SW
03   6,7  10,8   17:42   1,0   01:09  11,6   0,0   0,0   0,4  22,0   18:58   WSW
04   5,8  14,1   16:38  -2,5   07:32  12,5   0,0   0,0   0,9  23,4   15:35   SSO
05   8,6  19,1   16:40  -2,0   06:27   9,8   0,0   0,0   1,5  27,0   15:18    SO
06  11,1  23,1   16:59  -0,6   07:08   8,2   1,0   0,0   1,1  28,1   16:43     S
07  12,5  21,0   15:45   4,6   03:15   6,2   0,4   0,0   0,7  18,4   11:26    NO
08  13,4  24,3   15:48   3,3   06:49   6,2   1,3   0,0   0,5  19,4   12:26   SSO
09  13,6  23,2   12:54   4,7   06:12   5,5   0,8   0,0   0,6  17,3   14:51   ONO
10  12,5  21,4   15:48   2,6   06:50   6,3   0,6   0,0   0,9  20,9   15:44    NO
11  10,9  21,3   15:50   0,2   06:52   7,8   0,4   0,0   0,9  15,8   12:09   SSO
12  13,6  24,0   16:14   4,6   04:52   6,1   1,4   0,0   0,9  27,0   13:29    SW
13   7,8  11,6   09:17   1,6   23:46  10,5   0,0   0,0   2,4  30,6   13:13     N
14   5,7  11,3   18:03  -0,5   03:06  12,6   0,0   0,0   0,9  24,5   13:59   NNW
15   7,7  18,3   16:56  -1,3   06:54  10,6   0,0   0,0   0,7  17,3   16:04   SSO
16  12,3  25,0   16:40   0,7   07:12   7,3   1,3   0,0   0,9  23,4   16:06     S
17  14,1  24,0   16:51   3,8   06:59   5,3   1,1   0,0   1,1  17,3   18:28     O
18  14,0  22,3   13:35   5,0   06:18   4,9   0,6   0,3   0,4  17,3   15:26   SSO
19  12,2  16,5   16:15   9,4   23:58   6,1   0,0   0,3   1,8  29,5   19:14    NO
20  11,6  17,4   15:59   6,1   06:40   6,7   0,0   0,0   3,9  42,8   13:48    NO
21  12,8  18,9   16:46   7,3   05:31   5,5   0,0   0,0   4,4  42,8   14:10   NNO
22  14,1  20,0   14:52   8,4   07:02   4,5   0,3   0,0   3,3  45,4   14:58   NNO
23  12,4  21,8   17:20   1,6   06:39   6,6   0,7   0,0   1,3  19,4   12:04   SSO
24  13,3  22,9   15:10   4,0   06:18   6,1   1,1   0,0   0,8  33,1   16:01   WNW
25  10,4  17,2   16:15   3,8   04:49   7,9   0,0   0,0   0,7  22,0   11:50   ONO
26  11,0  21,0   16:14   0,8   06:58   7,5   0,3   0,0   1,0  19,4   14:50   SSO
27  13,3  23,5   17:24   2,9   05:33   6,1   1,2   0,0   1,0  28,1   13:05   SSW
28  10,6  15,1   17:36   4,7   05:53   7,7   0,0   2,7   0,1  15,8   18:02     W
29  12,5  17,9   12:41   6,8   03:08   5,8   0,0   0,0   1,5  34,2   12:13    SW
30  11,7  16,4   15:21   7,6   22:26   6,6   0,0  15,6   2,5  37,8   12:18   SSW
----------------------------------------------------------------------------------
    10,8  25,0    16    -5,6     1   237,1  12,5  18,9   1,3  45,4    22       O

Max >=  27,0  0
Max <=   0,0  0
Min <=   0,0  7
Min <= -18,0  0
Max Rain: 15,6 on day 30
Days of Rain: 4 (>= 0,2 mm)  2 (>= 2,0 mm)  0 (>= 20,0 mm)
Heat Base: 18,3  Cool Base: 18,3  Method: Integration


Seiten Update 23.04.2024 00:00:15
Erstellt von Cumulus v3.28.1 (3278)
Layout: Frank Grebe 2019-10-15