Das Wetter in Buchenau an der Lahn

NOAA Reports (nur in Englisch verfügbar)




NOAA style reports

NOAA-style Climate Reports

Select a Year or Month report
V/Λ2024 > Jan Feb Mar Apr May Jun Jul Aug Sep Oct Nov Dec
V/Λ2023 > Jan Feb Mar Apr May Jun Jul Aug Sep Oct Nov Dec
V/Λ2022 > Jan Feb Mar Apr May Jun Jul Aug Sep Oct Nov Dec
V/Λ2021 > Jan Feb Mar Apr May Jun Jul Aug Sep Oct Nov Dec
V/Λ2020 > Jan Feb Mar Apr May Jun Jul Aug Sep Oct Nov Dec
V/Λ2019 > Jan Feb Mar Apr May Jun Jul Aug Sep Oct Nov Dec

Report for 2020 Mar
                   Monthly Climatological Summary for Mär 2020

Name: Buchenau   City: Dautphetal   State: Germany
Elevation: 244 m  Lat: N 50 52 27   Lon: E 008 35 47

                  Temperature (°C), Rain (mm), Wind Speed (km/h)

                                      Heat  Cool        Avg
    Mean                              Deg   Deg         Wind                 Dom
Day Temp  High   Time   Low    Time   Days  Days  Rain  Speed High   Time    Dir
----------------------------------------------------------------------------------
01   6,3  10,0   15:28   4,2   00:21  12,0   0,0   4,8   1,9  37,8   15:08   SSW
02   5,6  10,3   14:53   1,0   07:30  12,7   0,0   3,3   0,8  27,0   01:22     S
03   4,2   8,6   14:13  -1,1   23:55  14,1   0,0   0,6   0,7  22,0   11:56   WSW
04   2,3   9,3   14:04  -2,3   03:28  16,0   0,0   1,5   0,3  22,0   13:05   WSW
05   3,4   6,1   14:46   0,1   00:04  14,9   0,0  13,5   0,5  19,4   20:35   ONO
06   4,7   6,3   11:13   4,1   00:00  13,5   0,0   7,2   0,8  28,1   20:26     W
07   4,3   8,2   15:00   0,7   21:36  14,0   0,0   1,8   0,7  23,4   15:17   WSW
08   6,8  10,8   15:36   1,9   00:00  11,4   0,0   0,6   1,5  31,7   11:22     S
09   6,6  10,5   14:29   2,0   22:35  11,7   0,0   0,6   0,8  31,7   16:32   WSW
10   7,6  13,0   22:19   2,1   00:03  10,7   0,0   9,6   2,0  47,9   22:44    SW
11  12,2  14,1   11:53  11,3   08:49   6,0   0,0  10,8   2,5  35,6   10:27   WSW
12  10,2  12,9   00:00   5,2   23:57   8,1   0,0   3,6   3,9  37,8   14:13   WSW
13   6,5  10,7   14:33   2,8   23:54  11,8   0,0   2,1   3,9  36,7   13:00   WSW
14   4,5  10,6   15:58   0,7   07:18  13,8   0,0   0,3   0,9  19,4   14:35   SSO
15   7,3  14,1   14:08   1,4   07:18  11,0   0,0   0,0   2,1  29,5   16:47   SSO
16   7,9  17,9   16:28  -0,9   06:05  10,4   0,0   0,0   0,7  20,9   14:13     S
17   9,6  17,4   15:35   3,4   23:54   8,7   0,0   0,0   0,6  23,4   14:46   SSW
18   8,2  17,2   14:09   0,0   06:39  10,1   0,0   0,0   0,7  29,5   12:57    SW
19  10,1  16,9   15:35   3,2   02:08   8,2   0,0   0,0   0,3  11,2   10:31   OSO
20   7,7  12,4   12:29   4,1   23:56  10,6   0,0   0,0   1,4  23,4   23:28   NNO
21   4,8   8,9   14:05   1,3   23:33  13,5   0,0   0,9   3,2  39,2   12:38    NO
22   3,1   7,6   15:11  -0,5   06:27  15,2   0,0   0,0   2,7  33,1   10:19   ONO
23   2,8   8,2   15:36  -2,8   06:40  15,5   0,0   0,0   2,3  28,1   13:29    SO
24   2,3   9,4   16:08  -5,9   06:39  16,0   0,0   0,0   1,5  25,6   15:34    SO
25   3,1  10,6   16:17  -5,9   06:04  15,2   0,0   0,0   2,2  31,7   13:56   NNO
26   5,1   9,9   14:44  -0,3   01:25  13,2   0,0   0,0   2,6  34,2   16:05    NO
27   9,0  16,2   16:42  -0,3   06:44   9,3   0,0   0,0   1,2  28,1   11:47    NO
28   8,7  15,9   13:10   0,3   06:37   9,6   0,0   0,0   1,2  25,6   15:29    NO
29   3,7   7,5   14:52   0,8   06:27  14,0   0,0   0,0   2,8  28,1   18:49     N
30   2,7   8,7   15:40  -5,8   07:52  15,6   0,0   0,0   0,8  22,0   16:13   SSW
31   3,7   8,5   16:13  -1,4   23:33  14,6   0,0   0,3   1,3  25,6   11:58    NO
----------------------------------------------------------------------------------
     6,0  17,9    16    -5,9    24   381,4   0,0  61,5   1,6  47,9    10     SSW

Max >=  27,0  0
Max <=   0,0  0
Min <=   0,0 12
Min <= -18,0  0
Max Rain: 13,5 on day 5
Days of Rain: 16 (>= 0,2 mm)  8 (>= 2,0 mm)  0 (>= 20,0 mm)
Heat Base: 18,3  Cool Base: 18,3  Method: Integration


Seiten Update 23.04.2024 00:00:15
Erstellt von Cumulus v3.28.1 (3278)
Layout: Frank Grebe 2019-10-15