Das Wetter in Buchenau an der Lahn

NOAA Reports (nur in Englisch verfügbar)




NOAA style reports

NOAA-style Climate Reports

Select a Year or Month report
V/Λ2024 > Jan Feb Mar Apr May Jun Jul Aug Sep Oct Nov Dec
V/Λ2023 > Jan Feb Mar Apr May Jun Jul Aug Sep Oct Nov Dec
V/Λ2022 > Jan Feb Mar Apr May Jun Jul Aug Sep Oct Nov Dec
V/Λ2021 > Jan Feb Mar Apr May Jun Jul Aug Sep Oct Nov Dec
V/Λ2020 > Jan Feb Mar Apr May Jun Jul Aug Sep Oct Nov Dec
V/Λ2019 > Jan Feb Mar Apr May Jun Jul Aug Sep Oct Nov Dec

Report for 2019 Aug
                   Monthly Climatological Summary for Aug 2019

Name: Buchenau   City: Dautphetal   State: Germany
Elevation: 244 m  Lat: N 50 52 27   Lon: E 008 35 47

                  Temperature (°C), Rain (mm), Wind Speed (km/h)

                                      Heat  Cool        Avg
    Mean                              Deg   Deg         Wind                 Dom
Day Temp  High   Time   Low    Time   Days  Days  Rain  Speed High   Time    Dir
----------------------------------------------------------------------------------
01  18,9  25,1   14:41  11,8   04:06   1,7   2,4   0,0   0,5  20,9   10:45    SW
02  20,2  25,8   15:11  14,5   05:16   1,0   2,8   0,3   0,5  17,3   17:08     S
03  19,2  25,5   16:55  14,6   23:53   1,1   2,0  10,8   0,9  23,4   15:31    NW
04  19,1  27,2   16:41  10,8   05:47   2,1   2,9   0,0   0,5  18,4   14:27   SSO
05  20,5  27,8   15:42  15,7   06:22   0,6   2,9   0,6   0,7  23,4   13:53    SW
06  19,5  24,2   17:22  13,6   04:09   1,1   2,3   0,3   0,8  20,9   12:23   SSW
07  19,3  23,9   16:08  15,3   23:59   0,8   1,7   0,6   0,7  23,4   11:28   WSW
08  18,1  25,6   13:45  11,3   06:25   2,2   2,0   0,6   0,8  28,1   13:57   WSW
09  19,4  27,0   16:39  12,5   06:24   1,5   2,6  17,7   0,4  20,9   16:23     S
10  20,5  25,3   16:44  15,3   23:58   0,2   2,4   0,0   2,5  39,2   18:26    SW
11  17,8  25,7   15:06  10,8   05:38   2,4   1,9   0,0   1,0  34,2   12:02    SW
12  16,3  22,9   15:22  10,1   06:22   2,9   0,9   4,8   1,4  25,6   16:01     S
13  15,9  21,4   17:10  11,2   06:36   2,8   0,4   0,0   1,0  24,5   16:15    SW
14  15,2  22,8   16:06   7,2   06:34   4,1   1,0   0,0   1,2  24,5   12:03     S
15  16,3  22,3   17:43  13,2   03:06   2,5   0,5  12,0   0,8  24,5   13:49   SSW
16  17,0  23,4   16:08  10,3   06:46   2,5   1,2   0,3   0,6  27,0   15:54   SSW
17  17,3  25,0   17:22  13,7   03:34   1,7   0,7   0,3   1,1  33,1   11:54   SSW
18  19,5  26,7   14:54   0,0   10:39   0,7   1,9   4,8   1,6  39,2   14:58   SSW
19  17,5  24,1   14:54  11,6   06:58   2,2   1,5   0,0   1,3  37,8   13:46    SW
20  15,1  21,2   15:44   8,3   07:02   3,9   0,7   0,0   0,2  15,8   13:54   WSW
21  15,7  24,2   15:07   8,2   04:00   4,1   1,6   0,0   0,7  19,4   13:44     S
22  16,7  26,8   16:10   0,1   16:44   4,0   2,4   0,0   0,7  19,4   13:00   SSO
23  18,8  29,4   16:51   8,8   06:43   3,1   3,6   0,0   0,7  20,9   15:09   SSO
24  19,6  29,9   16:15   9,2   06:49   2,7   4,0   0,0   0,8  23,4   17:09    SO
25  22,6  32,0   16:17  13,9   06:45   1,1   5,4   0,0   0,4  20,9   13:51   SSO
26  23,9  33,1   15:21  15,5   06:28   0,4   6,0   0,0   1,0  19,4   17:44   SSO
27  23,5  33,1   17:26  14,9   06:45   0,5   5,7   0,0   0,9  20,9   16:21    SO
28  23,6  31,8   16:33  17,2   04:30   0,1   5,4   0,0   0,5  23,4   16:52   SSW
29  22,9  29,8   14:38  16,5   03:55   0,3   4,9   0,0   0,8  22,0   14:46   WNW
30  21,9  29,9   17:12  16,2   05:49   0,3   3,9   0,0   0,5  17,3   13:33     S
31  22,0  31,9   16:37  12,5   06:48   1,5   5,2   0,0   1,3  25,6   15:26   SSO
----------------------------------------------------------------------------------
    19,2  33,1    26     0,0    18    56,1  82,8  53,1   0,9  39,2    10     SSW

Max >=  27,0 12
Max <=   0,0  0
Min <=   0,0  1
Min <= -18,0  0
Max Rain: 17,7 on day 9
Days of Rain: 12 (>= 0,2 mm)  5 (>= 2,0 mm)  0 (>= 20,0 mm)
Heat Base: 18,3  Cool Base: 18,3  Method: Integration


Seiten Update 29.02.2024 00:00:11
Erstellt von Cumulus v3.28.1 (3278)
Layout: Frank Grebe 2019-10-15